{"id":1972,"date":"2018-05-04T08:24:30","date_gmt":"2018-05-04T08:24:30","guid":{"rendered":"http:\/\/culturdes.umh.es\/?page_id=1972"},"modified":"2018-05-08T07:52:07","modified_gmt":"2018-05-08T07:52:07","slug":"ecuador-2014","status":"publish","type":"page","link":"https:\/\/culturdes.umh.es\/en\/ecuador-2014\/","title":{"rendered":"Ecuador 2014"},"content":{"rendered":"<p>[et_pb_section admin_label=&#8221;Secci\u00f3n&#8221; fullwidth=&#8221;off&#8221; specialty=&#8221;off&#8221; transparent_background=&#8221;off&#8221; allow_player_pause=&#8221;off&#8221; inner_shadow=&#8221;off&#8221; parallax=&#8221;off&#8221; parallax_method=&#8221;off&#8221; padding_mobile=&#8221;off&#8221; make_fullwidth=&#8221;off&#8221; use_custom_width=&#8221;off&#8221; width_unit=&#8221;on&#8221; make_equal=&#8221;off&#8221; use_custom_gutter=&#8221;off&#8221; custom_padding=&#8221;50px||50px|&#8221; background_image=&#8221;http:\/\/culturdes.umh.es\/files\/2018\/04\/Playa_Manantial-2.jpg&#8221;][et_pb_row admin_label=&#8221;Fila&#8221;][et_pb_column type=&#8221;4_4&#8243;][et_pb_text admin_label=&#8221;Texto&#8221; background_layout=&#8221;dark&#8221; text_orientation=&#8221;center&#8221; use_border_color=&#8221;off&#8221; border_color=&#8221;#ffffff&#8221; border_style=&#8221;solid&#8221; custom_margin=&#8221;||0px|&#8221; custom_padding=&#8221;||5px|&#8221;]<\/p>\n<h2>Ecuador 2014<\/h2>\n<p>[\/et_pb_text][\/et_pb_column][\/et_pb_row][\/et_pb_section][et_pb_section admin_label=&#8221;Secci\u00f3n&#8221; fullwidth=&#8221;on&#8221; specialty=&#8221;off&#8221;][et_pb_fullwidth_menu admin_label=&#8221;Men\u00fa de anchura completa&#8221; menu_id=&#8221;11&#8243; background_color=&#8221;#ededed&#8221; background_layout=&#8221;light&#8221; text_orientation=&#8221;center&#8221; submenu_direction=&#8221;downwards&#8221; fullwidth_menu=&#8221;off&#8221; dropdown_menu_animation=&#8221;fade&#8221; menu_text_color=&#8221;#000000&#8243; menu_font=&#8221;|on|||&#8221;]<\/p>\n<p>&nbsp;<\/p>\n<p>[\/et_pb_fullwidth_menu][\/et_pb_section][et_pb_section admin_label=&#8221;section&#8221;][et_pb_row admin_label=&#8221;Fila&#8221;][et_pb_column type=&#8221;4_4&#8243;][et_pb_text admin_label=&#8221;Texto&#8221; background_layout=&#8221;light&#8221; text_orientation=&#8221;left&#8221; use_border_color=&#8221;off&#8221; border_color=&#8221;#ffffff&#8221; border_style=&#8221;solid&#8221;]<\/p>\n<h3>Ecuador 2014. Estrategia para el fortalecimiento del papel de la cultura en la cooperaci\u00f3n al desarrollo<\/h3>\n<p>[\/et_pb_text][et_pb_divider admin_label=&#8221;Separador&#8221; color=&#8221;rgba(66,133,191,0.95)&#8221; show_divider=&#8221;on&#8221; divider_style=&#8221;solid&#8221; divider_position=&#8221;top&#8221; hide_on_mobile=&#8221;on&#8221; height=&#8221;2&#8243;]<\/p>\n<p>&nbsp;<\/p>\n<p>[\/et_pb_divider][et_pb_text admin_label=&#8221;Texto&#8221; background_layout=&#8221;light&#8221; text_orientation=&#8221;left&#8221; use_border_color=&#8221;off&#8221; border_color=&#8221;#ffffff&#8221; border_style=&#8221;solid&#8221;]<\/p>\n<p style=\"text-align: justify;\">La relaci\u00f3n entre la Universidad Andina Sim\u00f3n Bol\u00edvar (Ecuador) y la Universitas Miguel Hern\u00e1ndez de Elche (Espa\u00f1a) comienza con la celebraci\u00f3n del\u00a0<a href=\"http:\/\/culturdes.umh.es\/proyectos\/ecuador-2010\/\" target=\"_blank\">Seminario Cultura y Desarrollo: el desaf\u00edo de la interculturalidad<\/a>, en sede de la UASB en Quito durante junio de 2010, con el auspicio de la Agencia Espa\u00f1ola de Cooperaci\u00f3n Internacional para el Desarrollo (AECID). Este encuentro, que reuni\u00f3 a acad\u00e9micos y profesionales de la cooperaci\u00f3n internacional, se destac\u00f3 por el intercambio de reflexiones y experiencias en torno al patrimonio, la memoria social, la interculturalidad y el desarrollo humano. Sus resultados han sido publicados en Soler-Garc\u00eda, C., E. Caballero-Segarra &amp; A.M. Nogu\u00e9s-Pedregal, coordinadores (2014):\u00a0<a href=\"http:\/\/culturdes.umh.es\/investigacion\/cooperacion-al-desarrollo\/ecuador-2014\/cantera-debate\" target=\"_blank\">Conversatorio sobre interculturalidad y desarrollo<\/a>.\u00a0<a href=\"http:\/\/culturdes.umh.es\/investigacion\/cooperacion-al-desarrollo\/ecuador-2014\/cantera-editorial\" target=\"_blank\">Cantera Editorial<\/a>, Elche.<\/p>\n<p style=\"text-align: justify;\">Fruto de aquel evento, y en virtud de la consolidaci\u00f3n del grupo de investigaci\u00f3n\u00a0<a href=\"http:\/\/culturdes.umh.es\/\" target=\"_blank\">CULTURDES<\/a>, la UMH solicit\u00f3 en 2011 a trav\u00e9s del\u00a0<a href=\"http:\/\/cooperacion.umh.es\/\" target=\"_blank\">Centro de Cooperaci\u00f3n al Desarrollo y Voluntariado<\/a>\u00a0a la Generalitat Valenciana el apoyo financiero para continuar trabajando en el estudio de las relaciones entre cultura y desarrollo en el contexto del Ecuador con su contraparte, la UASB, obteniendo una respuesta favorable de este organismo de cooperaci\u00f3n descentralizada.<\/p>\n<p style=\"text-align: justify;\">De este modo, y tras algunos a\u00f1os de retraso por causas ajenas a este grupo de investigaci\u00f3n, el proyecto\u00a0<strong>Estrategia para el fortalecimiento del papel de la cultura en la cooperaci\u00f3n al desarrollo<\/strong>\u00a0realiza una actividad de formaci\u00f3n e investigaci\u00f3n para agentes locales de la cooperaci\u00f3n que permitir\u00e1 fortalecer a los mismos en la posibilidad de inclusi\u00f3n de\u00a0<em>lo cultural<\/em>\u00a0en los proyectos de desarrollo, pero tambi\u00e9n, ahondar en la comprensi\u00f3n de las din\u00e1micas culturales locales y su relaci\u00f3n con la concepci\u00f3n y ejecuci\u00f3n de iniciativas socioecon\u00f3micas para la mejora de su calidad de vida.<\/p>\n<p style=\"text-align: justify;\">La actividad central, que tiene la estructura de taller de trabajo, est\u00e1 convocada para el d\u00eda 30 de octubre en la UASB, a la que est\u00e1n invitados agentes de la cooperaci\u00f3n (profesionales de organismos no gubernamentales, l\u00edderes comunitarios, beneficiarios y beneficiarias de proyectos) de Pichincha, Cuenca, Loja e Imbabura. Los resultados obtenidos se concretar\u00e1n un\u00a0<strong>libro gu\u00eda<\/strong>\u00a0que incluya buenas pr\u00e1cticas y compile reflexiones producidas durante el mismo.<\/p>\n<p>[\/et_pb_text][\/et_pb_column][\/et_pb_row][\/et_pb_section]<\/p>\n","protected":false},"excerpt":{"rendered":"<p>[et_pb_section admin_label=&#8221;Secci\u00f3n&#8221; fullwidth=&#8221;off&#8221; specialty=&#8221;off&#8221; transparent_background=&#8221;off&#8221; allow_player_pause=&#8221;off&#8221; inner_shadow=&#8221;off&#8221; parallax=&#8221;off&#8221; parallax_method=&#8221;off&#8221; padding_mobile=&#8221;off&#8221; make_fullwidth=&#8221;off&#8221; use_custom_width=&#8221;off&#8221; width_unit=&#8221;on&#8221; make_equal=&#8221;off&#8221; use_custom_gutter=&#8221;off&#8221; custom_padding=&#8221;50px||50px|&#8221; background_image=&#8221;http:\/\/culturdes.umh.es\/files\/2018\/04\/Playa_Manantial-2.jpg&#8221;][et_pb_row admin_label=&#8221;Fila&#8221;][et_pb_column type=&#8221;4_4&#8243;][et_pb_text admin_label=&#8221;Texto&#8221; background_layout=&#8221;dark&#8221; text_orientation=&#8221;center&#8221; use_border_color=&#8221;off&#8221; border_color=&#8221;#ffffff&#8221; border_style=&#8221;solid&#8221; custom_margin=&#8221;||0px|&#8221; custom_padding=&#8221;||5px|&#8221;] Ecuador 2014 [\/et_pb_text][\/et_pb_column][\/et_pb_row][\/et_pb_section][et_pb_section admin_label=&#8221;Secci\u00f3n&#8221; fullwidth=&#8221;on&#8221; specialty=&#8221;off&#8221;][et_pb_fullwidth_menu admin_label=&#8221;Men\u00fa de anchura completa&#8221; menu_id=&#8221;11&#8243; background_color=&#8221;#ededed&#8221; background_layout=&#8221;light&#8221; text_orientation=&#8221;center&#8221; submenu_direction=&#8221;downwards&#8221; fullwidth_menu=&#8221;off&#8221; dropdown_menu_animation=&#8221;fade&#8221; menu_text_color=&#8221;#000000&#8243; menu_font=&#8221;|on|||&#8221;] &nbsp; [\/et_pb_fullwidth_menu][\/et_pb_section][et_pb_section admin_label=&#8221;section&#8221;][et_pb_row admin_label=&#8221;Fila&#8221;][et_pb_column type=&#8221;4_4&#8243;][et_pb_text admin_label=&#8221;Texto&#8221; background_layout=&#8221;light&#8221; text_orientation=&#8221;left&#8221; use_border_color=&#8221;off&#8221; [&hellip;]<\/p>\n","protected":false},"author":6277,"featured_media":0,"parent":0,"menu_order":0,"comment_status":"open","ping_status":"open","template":"","meta":{"_links_to":"","_links_to_target":""},"_links":{"self":[{"href":"https:\/\/culturdes.umh.es\/en\/wp-json\/wp\/v2\/pages\/1972"}],"collection":[{"href":"https:\/\/culturdes.umh.es\/en\/wp-json\/wp\/v2\/pages"}],"about":[{"href":"https:\/\/culturdes.umh.es\/en\/wp-json\/wp\/v2\/types\/page"}],"author":[{"embeddable":true,"href":"https:\/\/culturdes.umh.es\/en\/wp-json\/wp\/v2\/users\/6277"}],"replies":[{"embeddable":true,"href":"https:\/\/culturdes.umh.es\/en\/wp-json\/wp\/v2\/comments?post=1972"}],"version-history":[{"count":0,"href":"https:\/\/culturdes.umh.es\/en\/wp-json\/wp\/v2\/pages\/1972\/revisions"}],"wp:attachment":[{"href":"https:\/\/culturdes.umh.es\/en\/wp-json\/wp\/v2\/media?parent=1972"}],"curies":[{"name":"wp","href":"https:\/\/api.w.org\/{rel}","templated":true}]}}

<p>[et_pb_section admin_label=&#8221;Sección&#8221; fullwidth=&#8221;off&#8221; specialty=&#8221;off&#8221; transparent_background=&#8221;off&#8221; allow_player_pause=&#8221;off&#8221; inner_shadow=&#8221;off&#8221; parallax=&#8221;off&#8221; parallax_method=&#8221;off&#8221; padding_mobile=&#8221;off&#8221; make_fullwidth=&#8221;off&#8221; use_custom_width=&#8221;off&#8221; width_unit=&#8221;on&#8221; make_equal=&#8221;off&#8221; use_custom_gutter=&#8221;off&#8221; custom_padding=&#8221;50px||50px|&#8221; background_image=&#8221;http://culturdes.umh.es/files/2018/04/Playa_Manantial-2.jpg&#8221;][et_pb_row admin_label=&#8221;Fila&#8221;][et_pb_column type=&#8221;4_4&#8243;][et_pb_text admin_label=&#8221;Texto&#8221; background_layout=&#8221;dark&#8221; text_orientation=&#8221;center&#8221; use_border_color=&#8221;off&#8221; border_color=&#8221;#ffffff&#8221; border_style=&#8221;solid&#8221; custom_margin=&#8221;||0px|&#8221; custom_padding=&#8221;||5px|&#8221;]</p>
<h2>Ecuador 2014</h2>
<p>[/et_pb_text][/et_pb_column][/et_pb_row][/et_pb_section][et_pb_section admin_label=&#8221;Sección&#8221; fullwidth=&#8221;on&#8221; specialty=&#8221;off&#8221;][et_pb_fullwidth_menu admin_label=&#8221;Menú de anchura completa&#8221; menu_id=&#8221;11&#8243; background_color=&#8221;#ededed&#8221; background_layout=&#8221;light&#8221; text_orientation=&#8221;center&#8221; submenu_direction=&#8221;downwards&#8221; fullwidth_menu=&#8221;off&#8221; dropdown_menu_animation=&#8221;fade&#8221; menu_text_color=&#8221;#000000&#8243; menu_font=&#8221;|on|||&#8221;]</p>
<p>&nbsp;</p>
<p>[/et_pb_fullwidth_menu][/et_pb_section][et_pb_section admin_label=&#8221;section&#8221;][et_pb_row admin_label=&#8221;Fila&#8221;][et_pb_column type=&#8221;4_4&#8243;][et_pb_text admin_label=&#8221;Texto&#8221; background_layout=&#8221;light&#8221; text_orientation=&#8221;left&#8221; use_border_color=&#8221;off&#8221; border_color=&#8221;#ffffff&#8221; border_style=&#8221;solid&#8221;]</p>
<h3>Ecuador 2014. Estrategia para el fortalecimiento del papel de la cultura en la cooperación al desarrollo</h3>
<p>[/et_pb_text][et_pb_divider admin_label=&#8221;Separador&#8221; color=&#8221;rgba(66,133,191,0.95)&#8221; show_divider=&#8221;on&#8221; divider_style=&#8221;solid&#8221; divider_position=&#8221;top&#8221; hide_on_mobile=&#8221;on&#8221; height=&#8221;2&#8243;]</p>
<p>&nbsp;</p>
<p>[/et_pb_divider][et_pb_text admin_label=&#8221;Texto&#8221; background_layout=&#8221;light&#8221; text_orientation=&#8221;left&#8221; use_border_color=&#8221;off&#8221; border_color=&#8221;#ffffff&#8221; border_style=&#8221;solid&#8221;]</p>
<p style="text-align: justify;">La relación entre la Universidad Andina Simón Bolívar (Ecuador) y la Universitas Miguel Hernández de Elche (España) comienza con la celebración del <a href="http://culturdes.umh.es/proyectos/ecuador-2010/" target="_blank">Seminario Cultura y Desarrollo: el desafío de la interculturalidad</a>, en sede de la UASB en Quito durante junio de 2010, con el auspicio de la Agencia Española de Cooperación Internacional para el Desarrollo (AECID). Este encuentro, que reunió a académicos y profesionales de la cooperación internacional, se destacó por el intercambio de reflexiones y experiencias en torno al patrimonio, la memoria social, la interculturalidad y el desarrollo humano. Sus resultados han sido publicados en Soler-García, C., E. Caballero-Segarra &amp; A.M. Nogués-Pedregal, coordinadores (2014): <a href="http://culturdes.umh.es/investigacion/cooperacion-al-desarrollo/ecuador-2014/cantera-debate" target="_blank">Conversatorio sobre interculturalidad y desarrollo</a>. <a href="http://culturdes.umh.es/investigacion/cooperacion-al-desarrollo/ecuador-2014/cantera-editorial" target="_blank">Cantera Editorial</a>, Elche.</p>
<p style="text-align: justify;">Fruto de aquel evento, y en virtud de la consolidación del grupo de investigación <a href="http://culturdes.umh.es/" target="_blank">CULTURDES</a>, la UMH solicitó en 2011 a través del <a href="http://cooperacion.umh.es/" target="_blank">Centro de Cooperación al Desarrollo y Voluntariado</a> a la Generalitat Valenciana el apoyo financiero para continuar trabajando en el estudio de las relaciones entre cultura y desarrollo en el contexto del Ecuador con su contraparte, la UASB, obteniendo una respuesta favorable de este organismo de cooperación descentralizada.</p>
<p style="text-align: justify;">De este modo, y tras algunos años de retraso por causas ajenas a este grupo de investigación, el proyecto <strong>Estrategia para el fortalecimiento del papel de la cultura en la cooperación al desarrollo</strong> realiza una actividad de formación e investigación para agentes locales de la cooperación que permitirá fortalecer a los mismos en la posibilidad de inclusión de <em>lo cultural</em> en los proyectos de desarrollo, pero también, ahondar en la comprensión de las dinámicas culturales locales y su relación con la concepción y ejecución de iniciativas socioeconómicas para la mejora de su calidad de vida.</p>
<p style="text-align: justify;">La actividad central, que tiene la estructura de taller de trabajo, está convocada para el día 30 de octubre en la UASB, a la que están invitados agentes de la cooperación (profesionales de organismos no gubernamentales, líderes comunitarios, beneficiarios y beneficiarias de proyectos) de Pichincha, Cuenca, Loja e Imbabura. Los resultados obtenidos se concretarán un <strong>libro guía</strong> que incluya buenas prácticas y compile reflexiones producidas durante el mismo.</p>
<p>[/et_pb_text][/et_pb_column][/et_pb_row][/et_pb_section]</p>

<p>[et_pb_section admin_label=&#8221;Sección&#8221; fullwidth=&#8221;off&#8221; specialty=&#8221;off&#8221; transparent_background=&#8221;off&#8221; allow_player_pause=&#8221;off&#8221; inner_shadow=&#8221;off&#8221; parallax=&#8221;off&#8221; parallax_method=&#8221;off&#8221; padding_mobile=&#8221;off&#8221; make_fullwidth=&#8221;off&#8221; use_custom_width=&#8221;off&#8221; width_unit=&#8221;on&#8221; make_equal=&#8221;off&#8221; use_custom_gutter=&#8221;off&#8221; custom_padding=&#8221;50px||50px|&#8221; background_image=&#8221;http://culturdes.umh.es/files/2018/04/Playa_Manantial-2.jpg&#8221;][et_pb_row admin_label=&#8221;Fila&#8221;][et_pb_column type=&#8221;4_4&#8243;][et_pb_text admin_label=&#8221;Texto&#8221; background_layout=&#8221;dark&#8221; text_orientation=&#8221;center&#8221; use_border_color=&#8221;off&#8221; border_color=&#8221;#ffffff&#8221; border_style=&#8221;solid&#8221; custom_margin=&#8221;||0px|&#8221; custom_padding=&#8221;||5px|&#8221;] Ecuador 2014 [/et_pb_text][/et_pb_column][/et_pb_row][/et_pb_section][et_pb_section admin_label=&#8221;Sección&#8221; fullwidth=&#8221;on&#8221; specialty=&#8221;off&#8221;][et_pb_fullwidth_menu admin_label=&#8221;Menú de anchura completa&#8221; menu_id=&#8221;11&#8243; background_color=&#8221;#ededed&#8221; background_layout=&#8221;light&#8221; text_orientation=&#8221;center&#8221; submenu_direction=&#8221;downwards&#8221; fullwidth_menu=&#8221;off&#8221; dropdown_menu_animation=&#8221;fade&#8221; menu_text_color=&#8221;#000000&#8243; menu_font=&#8221;|on|||&#8221;] &nbsp; [/et_pb_fullwidth_menu][/et_pb_section][et_pb_section admin_label=&#8221;section&#8221;][et_pb_row admin_label=&#8221;Fila&#8221;][et_pb_column type=&#8221;4_4&#8243;][et_pb_text admin_label=&#8221;Texto&#8221; background_layout=&#8221;light&#8221; text_orientation=&#8221;left&#8221; use_border_color=&#8221;off&#8221; [&hellip;]</p>
