{"id":2106,"date":"2018-05-04T11:24:24","date_gmt":"2018-05-04T11:24:24","guid":{"rendered":"http:\/\/culturdes.umh.es\/?page_id=2106"},"modified":"2018-05-10T11:41:39","modified_gmt":"2018-05-10T11:41:39","slug":"declaracion","status":"publish","type":"page","link":"https:\/\/culturdes.umh.es\/en\/antonio-miguel-nogues-pedregal\/declaracion\/","title":{"rendered":"Declaraci\u00f3n"},"content":{"rendered":"<p>[et_pb_section admin_label=&#8221;Secci\u00f3n&#8221; fullwidth=&#8221;off&#8221; specialty=&#8221;off&#8221; transparent_background=&#8221;off&#8221; allow_player_pause=&#8221;off&#8221; inner_shadow=&#8221;off&#8221; parallax=&#8221;off&#8221; parallax_method=&#8221;off&#8221; padding_mobile=&#8221;off&#8221; make_fullwidth=&#8221;off&#8221; use_custom_width=&#8221;off&#8221; width_unit=&#8221;on&#8221; make_equal=&#8221;off&#8221; use_custom_gutter=&#8221;off&#8221; custom_padding=&#8221;50px||50px|&#8221; background_image=&#8221;http:\/\/culturdes.umh.es\/files\/2018\/04\/Playa_Manantial-2.jpg&#8221;][et_pb_row admin_label=&#8221;Fila&#8221;][et_pb_column type=&#8221;4_4&#8243;][et_pb_text admin_label=&#8221;Texto&#8221; background_layout=&#8221;dark&#8221; text_orientation=&#8221;center&#8221; use_border_color=&#8221;off&#8221; border_color=&#8221;#ffffff&#8221; border_style=&#8221;solid&#8221; custom_margin=&#8221;||0px|&#8221; custom_padding=&#8221;||5px|&#8221;]<\/p>\n<h2>Antonio Miguel Nogu\u00e9s-Pedregal<\/h2>\n<p>[\/et_pb_text][\/et_pb_column][\/et_pb_row][\/et_pb_section][et_pb_section admin_label=&#8221;Secci\u00f3n&#8221; fullwidth=&#8221;on&#8221; specialty=&#8221;off&#8221;][et_pb_fullwidth_menu admin_label=&#8221;Men\u00fa de anchura completa&#8221; menu_id=&#8221;11&#8243; background_color=&#8221;#ededed&#8221; background_layout=&#8221;light&#8221; text_orientation=&#8221;center&#8221; submenu_direction=&#8221;downwards&#8221; fullwidth_menu=&#8221;off&#8221; dropdown_menu_animation=&#8221;fade&#8221; menu_text_color=&#8221;#000000&#8243; menu_font=&#8221;|on|||&#8221;]<\/p>\n<p>\u00a0<\/p>\n<p>[\/et_pb_fullwidth_menu][\/et_pb_section][et_pb_section admin_label=&#8221;section&#8221;][et_pb_row admin_label=&#8221;Fila&#8221;][et_pb_column type=&#8221;4_4&#8243;][et_pb_text admin_label=&#8221;Texto&#8221; background_layout=&#8221;light&#8221; text_orientation=&#8221;left&#8221; use_border_color=&#8221;off&#8221; border_color=&#8221;#ffffff&#8221; border_style=&#8221;solid&#8221;]<\/p>\n<h3>Declaraci\u00f3n<\/h3>\n<p>[\/et_pb_text][et_pb_divider admin_label=&#8221;Separador&#8221; color=&#8221;rgba(66,133,191,0.95)&#8221; show_divider=&#8221;on&#8221; divider_style=&#8221;solid&#8221; divider_position=&#8221;top&#8221; hide_on_mobile=&#8221;on&#8221; height=&#8221;2&#8243;]<\/p>\n<p>\u00a0<\/p>\n<p>[\/et_pb_divider][et_pb_text admin_label=&#8221;Texto&#8221; background_layout=&#8221;light&#8221; text_orientation=&#8221;left&#8221; use_border_color=&#8221;off&#8221; border_color=&#8221;#ffffff&#8221; border_style=&#8221;solid&#8221;]<\/p>\n<p style=\"text-align: justify;\">Soy doctor y profesor titular de antropolog\u00eda social aunque siempre subrayo que soy de un plan de estudios antiqu\u00edsimo porque comenc\u00e9 \u2018filosof\u00eda y letras\u2019 en el, por aquel entonces, todav\u00eda colegio universitario, hoy en la\u00a0<a href=\"http:\/\/www.uca.es\/\" target=\"_blank\">Universidad de C\u00e1diz<\/a>. Quiz\u00e1s por esto solo en contad\u00edsimas ocasiones digo que soy antrop\u00f3logo. Dirijo el grupo de investigaci\u00f3n \u2018Culturdes\u2019 en la\u00a0<a href=\"http:\/\/www.umh.es\/\" target=\"_blank\">Universitas Miguel Hern\u00e1ndez<\/a>, que analiza las relaciones entre\u00a0<em>cultura, turismo y (cooperaci\u00f3n al) desarrollo<\/em>. Mis estudios sobre las manifestaciones del poder, los procesos de significaci\u00f3n y los procesos socio-culturales en contextos tur\u00edsticos han sido traducidos a varios idiomas, y suelo realizar todos los a\u00f1os alguna que otra estancia en centros de investigaci\u00f3n europeos como en el\u00a0<a href=\"http:\/\/etnologija.etnoinfolab.org\/en\/default.asp\" target=\"_blank\">Departmento de Etnolog\u00eda y Antropolog\u00eda Cultural de la Universidad de Ljubljana<\/a>\u00a0donde soy profesor visitante\u2026 pero lo m\u00e1s interesante de mi realidad acad\u00e9mica es que tengo un grupo de estudiantes de doctorado con los que me re\u00fano y me lo paso muy bien porque aprendemos mucho pensando juntos.<\/p>\n<p style=\"text-align: justify;\">Cada vez que tengo ocasi\u00f3n pongo\u00a0por escrito\u00a0(\u00a1como ahora!) mi insumisi\u00f3n a la ideolog\u00eda de las disciplinas y el provincianismo que imponen los cortijos acad\u00e9micos, como las mal llamadas\u00a0<em>\u00e1rea de conocimiento<\/em>. Pienso que las fronteras disciplinarias solo sirven para buscar refugio en la complicidad de los colegas y as\u00ed ocultar mejor la mediocridad de los resultados. Adem\u00e1s considero que la antropolog\u00eda social no es ninguna \u201cdisciplina\u201d cient\u00edfica y que, afortunadamente, no sirve para nada\u2026 de lo que sirven las cosas que sirven en la actualidad; lo m\u00e1s que puedo afirmar es que la antropolog\u00eda social es una manera, como cualquiera otra, de contaminar el pensamiento. Me opongo a cualquier planteamiento esencialista de la realidad y rechazo la desolaci\u00f3n te\u00f3rica en la que nos ha sumido aquel posmodernismo que profes\u00e9 cuando a finales de los ochenta anduve realizando un master en el\u00a0<a href=\"http:\/\/www.anthropology.northwestern.edu\/\" target=\"_blank\">Departmento de Antropolog\u00eda de la Universidad de Northwestern<\/a>.<\/p>\n<p style=\"text-align: justify;\">En el plano metodol\u00f3gico sigo a Pierre Bourdieu, y reivindico la necesidad de oponer el rigor metodol\u00f3gico a la ilusi\u00f3n del saber inmediato, tan caracter\u00edstico del frenes\u00ed informativo que hoy hegemoniza. Creo que la honestidad \u00a1\u00a1y no la objetividad!! debe ser el principal valor de\u00a0<em>aquellos que decimos que pensamos desde<\/em>las ciencias sociales y humanidades. Y lo pienso as\u00ed porque considero que la\u00a0<em>honestidad en la investigaci\u00f3n<\/em>\u00a0es el principal escudo y argumento que nos queda frente a la\u00a0<em>violencia simb\u00f3lica<\/em>\u00a0que hoy se ejerce sobre la universidad espa\u00f1ola e internacional y su producci\u00f3n cient\u00edfica<\/p>\n<p>[\/et_pb_text][\/et_pb_column][\/et_pb_row][\/et_pb_section]<\/p>","protected":false},"excerpt":{"rendered":"<p>[et_pb_section admin_label=&#8221;Secci\u00f3n&#8221; fullwidth=&#8221;off&#8221; specialty=&#8221;off&#8221; transparent_background=&#8221;off&#8221; allow_player_pause=&#8221;off&#8221; inner_shadow=&#8221;off&#8221; parallax=&#8221;off&#8221; parallax_method=&#8221;off&#8221; padding_mobile=&#8221;off&#8221; make_fullwidth=&#8221;off&#8221; use_custom_width=&#8221;off&#8221; width_unit=&#8221;on&#8221; make_equal=&#8221;off&#8221; use_custom_gutter=&#8221;off&#8221; custom_padding=&#8221;50px||50px|&#8221; background_image=&#8221;http:\/\/culturdes.umh.es\/files\/2018\/04\/Playa_Manantial-2.jpg&#8221;][et_pb_row admin_label=&#8221;Fila&#8221;][et_pb_column type=&#8221;4_4&#8243;][et_pb_text admin_label=&#8221;Texto&#8221; background_layout=&#8221;dark&#8221; text_orientation=&#8221;center&#8221; use_border_color=&#8221;off&#8221; border_color=&#8221;#ffffff&#8221; border_style=&#8221;solid&#8221; custom_margin=&#8221;||0px|&#8221; custom_padding=&#8221;||5px|&#8221;] Antonio Miguel Nogu\u00e9s-Pedregal [\/et_pb_text][\/et_pb_column][\/et_pb_row][\/et_pb_section][et_pb_section admin_label=&#8221;Secci\u00f3n&#8221; fullwidth=&#8221;on&#8221; specialty=&#8221;off&#8221;][et_pb_fullwidth_menu admin_label=&#8221;Men\u00fa de anchura completa&#8221; menu_id=&#8221;11&#8243; background_color=&#8221;#ededed&#8221; background_layout=&#8221;light&#8221; text_orientation=&#8221;center&#8221; submenu_direction=&#8221;downwards&#8221; fullwidth_menu=&#8221;off&#8221; dropdown_menu_animation=&#8221;fade&#8221; menu_text_color=&#8221;#000000&#8243; menu_font=&#8221;|on|||&#8221;] \u00a0 [\/et_pb_fullwidth_menu][\/et_pb_section][et_pb_section admin_label=&#8221;section&#8221;][et_pb_row admin_label=&#8221;Fila&#8221;][et_pb_column type=&#8221;4_4&#8243;][et_pb_text admin_label=&#8221;Texto&#8221; background_layout=&#8221;light&#8221; text_orientation=&#8221;left&#8221; [&hellip;]<\/p>\n","protected":false},"author":6277,"featured_media":0,"parent":2088,"menu_order":0,"comment_status":"open","ping_status":"closed","template":"","meta":{"_links_to":"","_links_to_target":""},"_links":{"self":[{"href":"https:\/\/culturdes.umh.es\/en\/wp-json\/wp\/v2\/pages\/2106"}],"collection":[{"href":"https:\/\/culturdes.umh.es\/en\/wp-json\/wp\/v2\/pages"}],"about":[{"href":"https:\/\/culturdes.umh.es\/en\/wp-json\/wp\/v2\/types\/page"}],"author":[{"embeddable":true,"href":"https:\/\/culturdes.umh.es\/en\/wp-json\/wp\/v2\/users\/6277"}],"replies":[{"embeddable":true,"href":"https:\/\/culturdes.umh.es\/en\/wp-json\/wp\/v2\/comments?post=2106"}],"version-history":[{"count":0,"href":"https:\/\/culturdes.umh.es\/en\/wp-json\/wp\/v2\/pages\/2106\/revisions"}],"up":[{"embeddable":true,"href":"https:\/\/culturdes.umh.es\/en\/wp-json\/wp\/v2\/pages\/2088"}],"wp:attachment":[{"href":"https:\/\/culturdes.umh.es\/en\/wp-json\/wp\/v2\/media?parent=2106"}],"curies":[{"name":"wp","href":"https:\/\/api.w.org\/{rel}","templated":true}]}}

Declaración

<p>[et_pb_section admin_label=&#8221;Sección&#8221; fullwidth=&#8221;off&#8221; specialty=&#8221;off&#8221; transparent_background=&#8221;off&#8221; allow_player_pause=&#8221;off&#8221; inner_shadow=&#8221;off&#8221; parallax=&#8221;off&#8221; parallax_method=&#8221;off&#8221; padding_mobile=&#8221;off&#8221; make_fullwidth=&#8221;off&#8221; use_custom_width=&#8221;off&#8221; width_unit=&#8221;on&#8221; make_equal=&#8221;off&#8221; use_custom_gutter=&#8221;off&#8221; custom_padding=&#8221;50px||50px|&#8221; background_image=&#8221;http://culturdes.umh.es/files/2018/04/Playa_Manantial-2.jpg&#8221;][et_pb_row admin_label=&#8221;Fila&#8221;][et_pb_column type=&#8221;4_4&#8243;][et_pb_text admin_label=&#8221;Texto&#8221; background_layout=&#8221;dark&#8221; text_orientation=&#8221;center&#8221; use_border_color=&#8221;off&#8221; border_color=&#8221;#ffffff&#8221; border_style=&#8221;solid&#8221; custom_margin=&#8221;||0px|&#8221; custom_padding=&#8221;||5px|&#8221;]</p>
<h2>Antonio Miguel Nogués-Pedregal</h2>
<p>[/et_pb_text][/et_pb_column][/et_pb_row][/et_pb_section][et_pb_section admin_label=&#8221;Sección&#8221; fullwidth=&#8221;on&#8221; specialty=&#8221;off&#8221;][et_pb_fullwidth_menu admin_label=&#8221;Menú de anchura completa&#8221; menu_id=&#8221;11&#8243; background_color=&#8221;#ededed&#8221; background_layout=&#8221;light&#8221; text_orientation=&#8221;center&#8221; submenu_direction=&#8221;downwards&#8221; fullwidth_menu=&#8221;off&#8221; dropdown_menu_animation=&#8221;fade&#8221; menu_text_color=&#8221;#000000&#8243; menu_font=&#8221;|on|||&#8221;]</p>
<p> </p>
<p>[/et_pb_fullwidth_menu][/et_pb_section][et_pb_section admin_label=&#8221;section&#8221;][et_pb_row admin_label=&#8221;Fila&#8221;][et_pb_column type=&#8221;4_4&#8243;][et_pb_text admin_label=&#8221;Texto&#8221; background_layout=&#8221;light&#8221; text_orientation=&#8221;left&#8221; use_border_color=&#8221;off&#8221; border_color=&#8221;#ffffff&#8221; border_style=&#8221;solid&#8221;]</p>
<h3>Declaración</h3>
<p>[/et_pb_text][et_pb_divider admin_label=&#8221;Separador&#8221; color=&#8221;rgba(66,133,191,0.95)&#8221; show_divider=&#8221;on&#8221; divider_style=&#8221;solid&#8221; divider_position=&#8221;top&#8221; hide_on_mobile=&#8221;on&#8221; height=&#8221;2&#8243;]</p>
<p> </p>
<p>[/et_pb_divider][et_pb_text admin_label=&#8221;Texto&#8221; background_layout=&#8221;light&#8221; text_orientation=&#8221;left&#8221; use_border_color=&#8221;off&#8221; border_color=&#8221;#ffffff&#8221; border_style=&#8221;solid&#8221;]</p>
<p style="text-align: justify;">Soy doctor y profesor titular de antropología social aunque siempre subrayo que soy de un plan de estudios antiquísimo porque comencé ‘filosofía y letras’ en el, por aquel entonces, todavía colegio universitario, hoy en la <a href="http://www.uca.es/" target="_blank">Universidad de Cádiz</a>. Quizás por esto solo en contadísimas ocasiones digo que soy antropólogo. Dirijo el grupo de investigación ‘Culturdes’ en la <a href="http://www.umh.es/" target="_blank">Universitas Miguel Hernández</a>, que analiza las relaciones entre <em>cultura, turismo y (cooperación al) desarrollo</em>. Mis estudios sobre las manifestaciones del poder, los procesos de significación y los procesos socio-culturales en contextos turísticos han sido traducidos a varios idiomas, y suelo realizar todos los años alguna que otra estancia en centros de investigación europeos como en el <a href="http://etnologija.etnoinfolab.org/en/default.asp" target="_blank">Departmento de Etnología y Antropología Cultural de la Universidad de Ljubljana</a> donde soy profesor visitante… pero lo más interesante de mi realidad académica es que tengo un grupo de estudiantes de doctorado con los que me reúno y me lo paso muy bien porque aprendemos mucho pensando juntos.</p>
<p style="text-align: justify;">Cada vez que tengo ocasión pongo por escrito (¡como ahora!) mi insumisión a la ideología de las disciplinas y el provincianismo que imponen los cortijos académicos, como las mal llamadas <em>área de conocimiento</em>. Pienso que las fronteras disciplinarias solo sirven para buscar refugio en la complicidad de los colegas y así ocultar mejor la mediocridad de los resultados. Además considero que la antropología social no es ninguna “disciplina” científica y que, afortunadamente, no sirve para nada… de lo que sirven las cosas que sirven en la actualidad; lo más que puedo afirmar es que la antropología social es una manera, como cualquiera otra, de contaminar el pensamiento. Me opongo a cualquier planteamiento esencialista de la realidad y rechazo la desolación teórica en la que nos ha sumido aquel posmodernismo que profesé cuando a finales de los ochenta anduve realizando un master en el <a href="http://www.anthropology.northwestern.edu/" target="_blank">Departmento de Antropología de la Universidad de Northwestern</a>.</p>
<p style="text-align: justify;">En el plano metodológico sigo a Pierre Bourdieu, y reivindico la necesidad de oponer el rigor metodológico a la ilusión del saber inmediato, tan característico del frenesí informativo que hoy hegemoniza. Creo que la honestidad ¡¡y no la objetividad!! debe ser el principal valor de <em>aquellos que decimos que pensamos desde</em>las ciencias sociales y humanidades. Y lo pienso así porque considero que la <em>honestidad en la investigación</em> es el principal escudo y argumento que nos queda frente a la <em>violencia simbólica</em> que hoy se ejerce sobre la universidad española e internacional y su producción científica</p>
<p>[/et_pb_text][/et_pb_column][/et_pb_row][/et_pb_section]</p>

<p>[et_pb_section admin_label=&#8221;Sección&#8221; fullwidth=&#8221;off&#8221; specialty=&#8221;off&#8221; transparent_background=&#8221;off&#8221; allow_player_pause=&#8221;off&#8221; inner_shadow=&#8221;off&#8221; parallax=&#8221;off&#8221; parallax_method=&#8221;off&#8221; padding_mobile=&#8221;off&#8221; make_fullwidth=&#8221;off&#8221; use_custom_width=&#8221;off&#8221; width_unit=&#8221;on&#8221; make_equal=&#8221;off&#8221; use_custom_gutter=&#8221;off&#8221; custom_padding=&#8221;50px||50px|&#8221; background_image=&#8221;http://culturdes.umh.es/files/2018/04/Playa_Manantial-2.jpg&#8221;][et_pb_row admin_label=&#8221;Fila&#8221;][et_pb_column type=&#8221;4_4&#8243;][et_pb_text admin_label=&#8221;Texto&#8221; background_layout=&#8221;dark&#8221; text_orientation=&#8221;center&#8221; use_border_color=&#8221;off&#8221; border_color=&#8221;#ffffff&#8221; border_style=&#8221;solid&#8221; custom_margin=&#8221;||0px|&#8221; custom_padding=&#8221;||5px|&#8221;] Antonio Miguel Nogués-Pedregal [/et_pb_text][/et_pb_column][/et_pb_row][/et_pb_section][et_pb_section admin_label=&#8221;Sección&#8221; fullwidth=&#8221;on&#8221; specialty=&#8221;off&#8221;][et_pb_fullwidth_menu admin_label=&#8221;Menú de anchura completa&#8221; menu_id=&#8221;11&#8243; background_color=&#8221;#ededed&#8221; background_layout=&#8221;light&#8221; text_orientation=&#8221;center&#8221; submenu_direction=&#8221;downwards&#8221; fullwidth_menu=&#8221;off&#8221; dropdown_menu_animation=&#8221;fade&#8221; menu_text_color=&#8221;#000000&#8243; menu_font=&#8221;|on|||&#8221;]   [/et_pb_fullwidth_menu][/et_pb_section][et_pb_section admin_label=&#8221;section&#8221;][et_pb_row admin_label=&#8221;Fila&#8221;][et_pb_column type=&#8221;4_4&#8243;][et_pb_text admin_label=&#8221;Texto&#8221; background_layout=&#8221;light&#8221; text_orientation=&#8221;left&#8221; [&hellip;]</p>
