{"id":2129,"date":"2018-05-04T12:01:00","date_gmt":"2018-05-04T12:01:00","guid":{"rendered":"http:\/\/culturdes.umh.es\/?page_id=2129"},"modified":"2018-05-09T10:59:15","modified_gmt":"2018-05-09T10:59:15","slug":"daniel-carmona-zubiri","status":"publish","type":"page","link":"https:\/\/culturdes.umh.es\/en\/daniel-carmona-zubiri\/","title":{"rendered":"Daniel Carmona Zubiri"},"content":{"rendered":"<p>[et_pb_section admin_label=&#8221;Secci\u00f3n&#8221; fullwidth=&#8221;off&#8221; specialty=&#8221;off&#8221; transparent_background=&#8221;off&#8221; allow_player_pause=&#8221;off&#8221; inner_shadow=&#8221;off&#8221; parallax=&#8221;off&#8221; parallax_method=&#8221;off&#8221; padding_mobile=&#8221;off&#8221; make_fullwidth=&#8221;off&#8221; use_custom_width=&#8221;off&#8221; width_unit=&#8221;on&#8221; make_equal=&#8221;off&#8221; use_custom_gutter=&#8221;off&#8221; custom_padding=&#8221;50px||50px|&#8221; background_image=&#8221;http:\/\/culturdes.umh.es\/files\/2018\/04\/Playa_Manantial-2.jpg&#8221;][et_pb_row admin_label=&#8221;Fila&#8221;][et_pb_column type=&#8221;4_4&#8243;][et_pb_text admin_label=&#8221;Texto&#8221; background_layout=&#8221;dark&#8221; text_orientation=&#8221;center&#8221; use_border_color=&#8221;off&#8221; border_color=&#8221;#ffffff&#8221; border_style=&#8221;solid&#8221; custom_margin=&#8221;||0px|&#8221; custom_padding=&#8221;||5px|&#8221;]<\/p>\n<h2>Daniel Carmona Zubiri<\/h2>\n<p>[\/et_pb_text][\/et_pb_column][\/et_pb_row][\/et_pb_section][et_pb_section admin_label=&#8221;Secci\u00f3n&#8221; fullwidth=&#8221;on&#8221; specialty=&#8221;off&#8221;][et_pb_fullwidth_menu admin_label=&#8221;Men\u00fa de anchura completa&#8221; menu_id=&#8221;11&#8243; background_color=&#8221;#ededed&#8221; background_layout=&#8221;light&#8221; text_orientation=&#8221;center&#8221; submenu_direction=&#8221;downwards&#8221; fullwidth_menu=&#8221;off&#8221; dropdown_menu_animation=&#8221;fade&#8221; menu_text_color=&#8221;#000000&#8243; menu_font=&#8221;|on|||&#8221;]<\/p>\n<p>[\/et_pb_fullwidth_menu][\/et_pb_section][et_pb_section admin_label=&#8221;Secci\u00f3n&#8221; fullwidth=&#8221;off&#8221; specialty=&#8221;off&#8221;][et_pb_row admin_label=&#8221;Fila&#8221;][et_pb_column type=&#8221;2_3&#8243;][et_pb_text admin_label=&#8221;Texto&#8221; background_layout=&#8221;light&#8221; text_orientation=&#8221;left&#8221; use_border_color=&#8221;off&#8221; border_color=&#8221;#ffffff&#8221; border_style=&#8221;solid&#8221; custom_margin=&#8221;|200px||&#8221;]<\/p>\n<p><strong>Dr. Daniel Carmona Zubiri<\/strong><\/p>\n<p><strong>Correo electr\u00f3nico:<\/strong>\u00a0dcarmona@umh.es<\/p>\n<p>[\/et_pb_text][\/et_pb_column][et_pb_column type=&#8221;1_3&#8243;][et_pb_image admin_label=&#8221;Imagen&#8221; src=&#8221;http:\/\/culturdes.umh.es\/files\/2018\/05\/DCZ1.jpg&#8221; show_in_lightbox=&#8221;off&#8221; url_new_window=&#8221;off&#8221; use_overlay=&#8221;off&#8221; animation=&#8221;off&#8221; sticky=&#8221;off&#8221; align=&#8221;right&#8221; force_fullwidth=&#8221;off&#8221; always_center_on_mobile=&#8221;on&#8221; use_border_color=&#8221;off&#8221; border_color=&#8221;#ffffff&#8221; border_style=&#8221;solid&#8221; custom_margin=&#8221;|50px||&#8221;]<\/p>\n<p>[\/et_pb_image][\/et_pb_column][\/et_pb_row][et_pb_row admin_label=&#8221;Fila&#8221;][et_pb_column type=&#8221;4_4&#8243;][et_pb_text admin_label=&#8221;Texto&#8221; background_layout=&#8221;light&#8221; text_orientation=&#8221;left&#8221; use_border_color=&#8221;off&#8221; border_color=&#8221;#ffffff&#8221; border_style=&#8221;solid&#8221;]<\/p>\n<p style=\"text-align: justify;\">Soy profesor asociado del \u00e1rea de antropolog\u00eda social del\u00a0<a href=\"http:\/\/socialesyhumanas.umh.es\/\" target=\"_blank\">Departamento de Ciencias Sociales y Humanas\u00a0<\/a>de la\u00a0<a href=\"http:\/\/www.umh.es\/\" target=\"_blank\">Universitas Miguel Hern\u00e1ndez<\/a>\u00a0y profesor de ense\u00f1anza secundaria de la especialidad Geograf\u00eda e Historia.las cosas.<\/p>\n<p>[\/et_pb_text][\/et_pb_column][\/et_pb_row][et_pb_row admin_label=&#8221;Fila&#8221;][et_pb_column type=&#8221;4_4&#8243;][et_pb_text admin_label=&#8221;Texto&#8221; background_layout=&#8221;light&#8221; text_orientation=&#8221;left&#8221; use_border_color=&#8221;off&#8221; border_color=&#8221;#ffffff&#8221; border_style=&#8221;solid&#8221;]<\/p>\n<p><strong>L\u00edneas de investigaci\u00f3n<\/strong><\/p>\n<p>[\/et_pb_text][et_pb_text admin_label=&#8221;Texto&#8221; background_layout=&#8221;light&#8221; text_orientation=&#8221;left&#8221; use_border_color=&#8221;off&#8221; border_color=&#8221;#ffffff&#8221; border_style=&#8221;solid&#8221;]<\/p>\n<ol>\n<li>la m\u00e1s te\u00f3rica que trata acerca de los procesos de significaci\u00f3n, en c\u00f3mo las cosas adquieren distintos sentidos seg\u00fan distintos los contextos de producci\u00f3n<\/li>\n<p><\/br><\/p>\n<li>la m\u00e1s etnol\u00f3gica se dirige a los procesos de cambio de las sociedades tradicionales a las modernas e industriales, con especial atenci\u00f3n a la interacci\u00f3n del hombre con el entorno (formas de h\u00e1bitat tradicionales explotaci\u00f3n del medio y otras expresiones de cultura material)<\/li>\n<p><\/br><\/p>\n<li>la m\u00e1s reciente aborda cuestiones relacionadas con el patrimonio cultural o, como sugiere Rodr\u00edguez Becerra, patrimonio antropol\u00f3gico, y el desarrollo.<\/li>\n<\/ol>\n<p>[\/et_pb_text][\/et_pb_column][\/et_pb_row][et_pb_row admin_label=&#8221;Fila&#8221;][et_pb_column type=&#8221;4_4&#8243;][et_pb_text admin_label=&#8221;Texto&#8221; background_layout=&#8221;light&#8221; text_orientation=&#8221;left&#8221; use_border_color=&#8221;off&#8221; border_color=&#8221;#ffffff&#8221; border_style=&#8221;solid&#8221;]<\/p>\n<p><strong>Publicaciones m\u00e1s relevantes<\/strong><\/p>\n<p>[\/et_pb_text][et_pb_text admin_label=&#8221;Texto&#8221; background_layout=&#8221;light&#8221; text_orientation=&#8221;left&#8221; use_border_color=&#8221;off&#8221; border_color=&#8221;#ffffff&#8221; border_style=&#8221;solid&#8221;]<\/p>\n<ul>\n<li>Carmona-Zubiri, D., Trav\u00e9-Molero, R. &#038; Nogu\u00e9s-Pedregal, A.M. (2015): \u201c<a href=\"http:\/\/www.revistaandaluzadeantropologia.org\/uploads\/raa\/n8\/nogues.pdf\" target=\"_blank\">Los misterios del patrimonio y el turismo en Elche. Lo global (UNESCO) en lo local (identidad)<\/a>\u201c.\u00a0<a href=\"http:\/\/www.revistaandaluzadeantropologia.org\/\" target=\"_blank\"><em>Revista Andaluza de Antropolog\u00eda<\/em><\/a>, 8: 113-140<\/li>\n<\/ul>\n<ul>\n<li>Carmona Zubiri, D. y Trav\u00e9 Molero, R. (2015): \u201cThe representation of a wished identity through the cultural heritage: Elche, the two World Heritage City?\u201d. In\u00a0<em>Conditioned identities. Wished-for and unwished-for identities<\/em>: 219-233. Peter Lang (ISBN 978-3-0343-1618-7).<\/li>\n<\/ul>\n<ul>\n<li>Carmona Zubiri, D. y Trav\u00e9 Molero, R. (2015): \u201cAgrarian colonization and Francoist neo-traditionalism\u201d.\u00a0<em>En Perverse Identities. Identities in conflict: 249-258. Peter Lang (ISBN 978-3-0343-1556-2)<\/em><\/li>\n<\/ul>\n<ul>\n<li>Carmona-Zubiri, D. (2012): \u201cColonizaci\u00f3n, Promisi\u00f3n e igualdad en las \u201ctres perlas de Hell\u00edn\u201d.\u00a0<em>Al- Basit<\/em>, 57: 161-200 (ISSN 0212-8632).<\/li>\n<\/ul>\n<ul>\n<li>Carmona-Zubiri, D. (2014): Rese\u00f1a del libro\u00a0<em>The tourist gaze 3.0<\/em>\u00a0de John Urry y Jonas larsen. en\u00a0<em>AIBR Revista de Antropolog\u00eda Iberoamericana<\/em>, vol. 9, n\u00ba 2: 215-219 (ISSN: 1695-9752).<\/li>\n<\/ul>\n<ul>\n<li>Carmona-Zubiri, D. (2013): Rese\u00f1a del libro\u00a0<em>Lidiando con turistas. Reacciones europeas al turismo en masa<\/em>. En\u00a0<em>Revista de Dialectolog\u00eda y Tradiciones populares<\/em>, 68, vol. 1: 271-273 (ISSN: 0034-7981).<\/li>\n<\/ul>\n<ul>\n<li>Carmona-Zubiri, D. (2011): \u201cPatrimonio etnogr\u00e1fico del yeso en el Campo de Hell\u00edn\u201d.\u00a0<em>Revista valenciana de Etnolog\u00eda<\/em>, 6: 93-110 (ISSN 1885-1533).<\/li>\n<\/ul>\n<ul>\n<li>Carmona-Zubiri, D. (2010): \u201cLas salinas de Pinilla\u201d.\u00a0<em>Al-Basit<\/em>, 55: 231-270 (ISSN 0212-8632).<\/li>\n<\/ul>\n<ul>\n<li>Carmona-Zubiri, D. (2009):\u00a0<em>Estudio etnogr\u00e1fico-arqueol\u00f3gico de las yeseras de Hell\u00edn<\/em>. Instituto de Estudios Albacetenses \u201cDon Juan Manuel\u201d, Albacete (ISBN 978-84-96800-30-4).<\/li>\n<\/ul>\n<ul>\n<li>Carmona-Zubiri, D. (2007):\u00a0<em>Las Minas de Hell\u00edn<\/em>. Instituto de Estudios Albacetenses \u201cDon Juan Manuel\u201d, Albacete (ISBN 978-84-96800-03-8).<\/li>\n<li>Carmona-Zubiri, D. (2006): \u201cLa conformaci\u00f3n del patrimonio etnol\u00f3gico. Tradici\u00f3n cultural y etnocentrismo en el caso de las casas-cueva\u201d.\u00a0<em>Revista de la Facultad de Ciencias Sociales y Jur\u00eddicas de la UMH<\/em>, 1: 270-290 (ISSN 1886-6611).<\/li>\n<\/ul>\n<ul>\n<li>M\u00e1s publicaciones en castellano accesibles en\u00a0<a href=\"http:\/\/dialnet.unirioja.es\/servlet\/autor?codigo=792728\" target=\"_blank\">Dialnet<\/a><\/li>\n<\/ul>\n<p>[\/et_pb_text][\/et_pb_column][\/et_pb_row][\/et_pb_section]<\/p>","protected":false},"excerpt":{"rendered":"<p>[et_pb_section admin_label=&#8221;Secci\u00f3n&#8221; fullwidth=&#8221;off&#8221; specialty=&#8221;off&#8221; transparent_background=&#8221;off&#8221; allow_player_pause=&#8221;off&#8221; inner_shadow=&#8221;off&#8221; parallax=&#8221;off&#8221; parallax_method=&#8221;off&#8221; padding_mobile=&#8221;off&#8221; make_fullwidth=&#8221;off&#8221; use_custom_width=&#8221;off&#8221; width_unit=&#8221;on&#8221; make_equal=&#8221;off&#8221; use_custom_gutter=&#8221;off&#8221; custom_padding=&#8221;50px||50px|&#8221; background_image=&#8221;http:\/\/culturdes.umh.es\/files\/2018\/04\/Playa_Manantial-2.jpg&#8221;][et_pb_row admin_label=&#8221;Fila&#8221;][et_pb_column type=&#8221;4_4&#8243;][et_pb_text admin_label=&#8221;Texto&#8221; background_layout=&#8221;dark&#8221; text_orientation=&#8221;center&#8221; use_border_color=&#8221;off&#8221; border_color=&#8221;#ffffff&#8221; border_style=&#8221;solid&#8221; custom_margin=&#8221;||0px|&#8221; custom_padding=&#8221;||5px|&#8221;] Daniel Carmona Zubiri [\/et_pb_text][\/et_pb_column][\/et_pb_row][\/et_pb_section][et_pb_section admin_label=&#8221;Secci\u00f3n&#8221; fullwidth=&#8221;on&#8221; specialty=&#8221;off&#8221;][et_pb_fullwidth_menu admin_label=&#8221;Men\u00fa de anchura completa&#8221; menu_id=&#8221;11&#8243; background_color=&#8221;#ededed&#8221; background_layout=&#8221;light&#8221; text_orientation=&#8221;center&#8221; submenu_direction=&#8221;downwards&#8221; fullwidth_menu=&#8221;off&#8221; dropdown_menu_animation=&#8221;fade&#8221; menu_text_color=&#8221;#000000&#8243; menu_font=&#8221;|on|||&#8221;] [\/et_pb_fullwidth_menu][\/et_pb_section][et_pb_section admin_label=&#8221;Secci\u00f3n&#8221; fullwidth=&#8221;off&#8221; specialty=&#8221;off&#8221;][et_pb_row admin_label=&#8221;Fila&#8221;][et_pb_column type=&#8221;2_3&#8243;][et_pb_text admin_label=&#8221;Texto&#8221; background_layout=&#8221;light&#8221; [&hellip;]<\/p>\n","protected":false},"author":6277,"featured_media":0,"parent":0,"menu_order":0,"comment_status":"open","ping_status":"open","template":"","meta":{"_links_to":"","_links_to_target":""},"_links":{"self":[{"href":"https:\/\/culturdes.umh.es\/en\/wp-json\/wp\/v2\/pages\/2129"}],"collection":[{"href":"https:\/\/culturdes.umh.es\/en\/wp-json\/wp\/v2\/pages"}],"about":[{"href":"https:\/\/culturdes.umh.es\/en\/wp-json\/wp\/v2\/types\/page"}],"author":[{"embeddable":true,"href":"https:\/\/culturdes.umh.es\/en\/wp-json\/wp\/v2\/users\/6277"}],"replies":[{"embeddable":true,"href":"https:\/\/culturdes.umh.es\/en\/wp-json\/wp\/v2\/comments?post=2129"}],"version-history":[{"count":0,"href":"https:\/\/culturdes.umh.es\/en\/wp-json\/wp\/v2\/pages\/2129\/revisions"}],"wp:attachment":[{"href":"https:\/\/culturdes.umh.es\/en\/wp-json\/wp\/v2\/media?parent=2129"}],"curies":[{"name":"wp","href":"https:\/\/api.w.org\/{rel}","templated":true}]}}

<p>[et_pb_section admin_label=&#8221;Sección&#8221; fullwidth=&#8221;off&#8221; specialty=&#8221;off&#8221; transparent_background=&#8221;off&#8221; allow_player_pause=&#8221;off&#8221; inner_shadow=&#8221;off&#8221; parallax=&#8221;off&#8221; parallax_method=&#8221;off&#8221; padding_mobile=&#8221;off&#8221; make_fullwidth=&#8221;off&#8221; use_custom_width=&#8221;off&#8221; width_unit=&#8221;on&#8221; make_equal=&#8221;off&#8221; use_custom_gutter=&#8221;off&#8221; custom_padding=&#8221;50px||50px|&#8221; background_image=&#8221;http://culturdes.umh.es/files/2018/04/Playa_Manantial-2.jpg&#8221;][et_pb_row admin_label=&#8221;Fila&#8221;][et_pb_column type=&#8221;4_4&#8243;][et_pb_text admin_label=&#8221;Texto&#8221; background_layout=&#8221;dark&#8221; text_orientation=&#8221;center&#8221; use_border_color=&#8221;off&#8221; border_color=&#8221;#ffffff&#8221; border_style=&#8221;solid&#8221; custom_margin=&#8221;||0px|&#8221; custom_padding=&#8221;||5px|&#8221;]</p>
<h2>Daniel Carmona Zubiri</h2>
<p>[/et_pb_text][/et_pb_column][/et_pb_row][/et_pb_section][et_pb_section admin_label=&#8221;Sección&#8221; fullwidth=&#8221;on&#8221; specialty=&#8221;off&#8221;][et_pb_fullwidth_menu admin_label=&#8221;Menú de anchura completa&#8221; menu_id=&#8221;11&#8243; background_color=&#8221;#ededed&#8221; background_layout=&#8221;light&#8221; text_orientation=&#8221;center&#8221; submenu_direction=&#8221;downwards&#8221; fullwidth_menu=&#8221;off&#8221; dropdown_menu_animation=&#8221;fade&#8221; menu_text_color=&#8221;#000000&#8243; menu_font=&#8221;|on|||&#8221;]</p>
<p>[/et_pb_fullwidth_menu][/et_pb_section][et_pb_section admin_label=&#8221;Sección&#8221; fullwidth=&#8221;off&#8221; specialty=&#8221;off&#8221;][et_pb_row admin_label=&#8221;Fila&#8221;][et_pb_column type=&#8221;2_3&#8243;][et_pb_text admin_label=&#8221;Texto&#8221; background_layout=&#8221;light&#8221; text_orientation=&#8221;left&#8221; use_border_color=&#8221;off&#8221; border_color=&#8221;#ffffff&#8221; border_style=&#8221;solid&#8221; custom_margin=&#8221;|200px||&#8221;]</p>
<p><strong>Dr. Daniel Carmona Zubiri</strong></p>
<p><strong>Correo electrónico:</strong> dcarmona@umh.es</p>
<p>[/et_pb_text][/et_pb_column][et_pb_column type=&#8221;1_3&#8243;][et_pb_image admin_label=&#8221;Imagen&#8221; src=&#8221;http://culturdes.umh.es/files/2018/05/DCZ1.jpg&#8221; show_in_lightbox=&#8221;off&#8221; url_new_window=&#8221;off&#8221; use_overlay=&#8221;off&#8221; animation=&#8221;off&#8221; sticky=&#8221;off&#8221; align=&#8221;right&#8221; force_fullwidth=&#8221;off&#8221; always_center_on_mobile=&#8221;on&#8221; use_border_color=&#8221;off&#8221; border_color=&#8221;#ffffff&#8221; border_style=&#8221;solid&#8221; custom_margin=&#8221;|50px||&#8221;]</p>
<p>[/et_pb_image][/et_pb_column][/et_pb_row][et_pb_row admin_label=&#8221;Fila&#8221;][et_pb_column type=&#8221;4_4&#8243;][et_pb_text admin_label=&#8221;Texto&#8221; background_layout=&#8221;light&#8221; text_orientation=&#8221;left&#8221; use_border_color=&#8221;off&#8221; border_color=&#8221;#ffffff&#8221; border_style=&#8221;solid&#8221;]</p>
<p style="text-align: justify;">Soy profesor asociado del área de antropología social del <a href="http://socialesyhumanas.umh.es/" target="_blank">Departamento de Ciencias Sociales y Humanas </a>de la <a href="http://www.umh.es/" target="_blank">Universitas Miguel Hernández</a> y profesor de enseñanza secundaria de la especialidad Geografía e Historia.las cosas.</p>
<p>[/et_pb_text][/et_pb_column][/et_pb_row][et_pb_row admin_label=&#8221;Fila&#8221;][et_pb_column type=&#8221;4_4&#8243;][et_pb_text admin_label=&#8221;Texto&#8221; background_layout=&#8221;light&#8221; text_orientation=&#8221;left&#8221; use_border_color=&#8221;off&#8221; border_color=&#8221;#ffffff&#8221; border_style=&#8221;solid&#8221;]</p>
<p><strong>Líneas de investigación</strong></p>
<p>[/et_pb_text][et_pb_text admin_label=&#8221;Texto&#8221; background_layout=&#8221;light&#8221; text_orientation=&#8221;left&#8221; use_border_color=&#8221;off&#8221; border_color=&#8221;#ffffff&#8221; border_style=&#8221;solid&#8221;]</p>
<ol>
<li>la más teórica que trata acerca de los procesos de significación, en cómo las cosas adquieren distintos sentidos según distintos los contextos de producción</li>
<p></br></p>
<li>la más etnológica se dirige a los procesos de cambio de las sociedades tradicionales a las modernas e industriales, con especial atención a la interacción del hombre con el entorno (formas de hábitat tradicionales explotación del medio y otras expresiones de cultura material)</li>
<p></br></p>
<li>la más reciente aborda cuestiones relacionadas con el patrimonio cultural o, como sugiere Rodríguez Becerra, patrimonio antropológico, y el desarrollo.</li>
</ol>
<p>[/et_pb_text][/et_pb_column][/et_pb_row][et_pb_row admin_label=&#8221;Fila&#8221;][et_pb_column type=&#8221;4_4&#8243;][et_pb_text admin_label=&#8221;Texto&#8221; background_layout=&#8221;light&#8221; text_orientation=&#8221;left&#8221; use_border_color=&#8221;off&#8221; border_color=&#8221;#ffffff&#8221; border_style=&#8221;solid&#8221;]</p>
<p><strong>Publicaciones más relevantes</strong></p>
<p>[/et_pb_text][et_pb_text admin_label=&#8221;Texto&#8221; background_layout=&#8221;light&#8221; text_orientation=&#8221;left&#8221; use_border_color=&#8221;off&#8221; border_color=&#8221;#ffffff&#8221; border_style=&#8221;solid&#8221;]</p>
<ul>
<li>Carmona-Zubiri, D., Travé-Molero, R. &#038; Nogués-Pedregal, A.M. (2015): “<a href="http://www.revistaandaluzadeantropologia.org/uploads/raa/n8/nogues.pdf" target="_blank">Los misterios del patrimonio y el turismo en Elche. Lo global (UNESCO) en lo local (identidad)</a>“. <a href="http://www.revistaandaluzadeantropologia.org/" target="_blank"><em>Revista Andaluza de Antropología</em></a>, 8: 113-140</li>
</ul>
<ul>
<li>Carmona Zubiri, D. y Travé Molero, R. (2015): “The representation of a wished identity through the cultural heritage: Elche, the two World Heritage City?”. In <em>Conditioned identities. Wished-for and unwished-for identities</em>: 219-233. Peter Lang (ISBN 978-3-0343-1618-7).</li>
</ul>
<ul>
<li>Carmona Zubiri, D. y Travé Molero, R. (2015): “Agrarian colonization and Francoist neo-traditionalism”. <em>En Perverse Identities. Identities in conflict: 249-258. Peter Lang (ISBN 978-3-0343-1556-2)</em></li>
</ul>
<ul>
<li>Carmona-Zubiri, D. (2012): “Colonización, Promisión e igualdad en las “tres perlas de Hellín”. <em>Al- Basit</em>, 57: 161-200 (ISSN 0212-8632).</li>
</ul>
<ul>
<li>Carmona-Zubiri, D. (2014): Reseña del libro <em>The tourist gaze 3.0</em> de John Urry y Jonas larsen. en <em>AIBR Revista de Antropología Iberoamericana</em>, vol. 9, nº 2: 215-219 (ISSN: 1695-9752).</li>
</ul>
<ul>
<li>Carmona-Zubiri, D. (2013): Reseña del libro <em>Lidiando con turistas. Reacciones europeas al turismo en masa</em>. En <em>Revista de Dialectología y Tradiciones populares</em>, 68, vol. 1: 271-273 (ISSN: 0034-7981).</li>
</ul>
<ul>
<li>Carmona-Zubiri, D. (2011): “Patrimonio etnográfico del yeso en el Campo de Hellín”. <em>Revista valenciana de Etnología</em>, 6: 93-110 (ISSN 1885-1533).</li>
</ul>
<ul>
<li>Carmona-Zubiri, D. (2010): “Las salinas de Pinilla”. <em>Al-Basit</em>, 55: 231-270 (ISSN 0212-8632).</li>
</ul>
<ul>
<li>Carmona-Zubiri, D. (2009): <em>Estudio etnográfico-arqueológico de las yeseras de Hellín</em>. Instituto de Estudios Albacetenses “Don Juan Manuel”, Albacete (ISBN 978-84-96800-30-4).</li>
</ul>
<ul>
<li>Carmona-Zubiri, D. (2007): <em>Las Minas de Hellín</em>. Instituto de Estudios Albacetenses “Don Juan Manuel”, Albacete (ISBN 978-84-96800-03-8).</li>
<li>Carmona-Zubiri, D. (2006): “La conformación del patrimonio etnológico. Tradición cultural y etnocentrismo en el caso de las casas-cueva”. <em>Revista de la Facultad de Ciencias Sociales y Jurídicas de la UMH</em>, 1: 270-290 (ISSN 1886-6611).</li>
</ul>
<ul>
<li>Más publicaciones en castellano accesibles en <a href="http://dialnet.unirioja.es/servlet/autor?codigo=792728" target="_blank">Dialnet</a></li>
</ul>
<p>[/et_pb_text][/et_pb_column][/et_pb_row][/et_pb_section]</p>

<p>[et_pb_section admin_label=&#8221;Sección&#8221; fullwidth=&#8221;off&#8221; specialty=&#8221;off&#8221; transparent_background=&#8221;off&#8221; allow_player_pause=&#8221;off&#8221; inner_shadow=&#8221;off&#8221; parallax=&#8221;off&#8221; parallax_method=&#8221;off&#8221; padding_mobile=&#8221;off&#8221; make_fullwidth=&#8221;off&#8221; use_custom_width=&#8221;off&#8221; width_unit=&#8221;on&#8221; make_equal=&#8221;off&#8221; use_custom_gutter=&#8221;off&#8221; custom_padding=&#8221;50px||50px|&#8221; background_image=&#8221;http://culturdes.umh.es/files/2018/04/Playa_Manantial-2.jpg&#8221;][et_pb_row admin_label=&#8221;Fila&#8221;][et_pb_column type=&#8221;4_4&#8243;][et_pb_text admin_label=&#8221;Texto&#8221; background_layout=&#8221;dark&#8221; text_orientation=&#8221;center&#8221; use_border_color=&#8221;off&#8221; border_color=&#8221;#ffffff&#8221; border_style=&#8221;solid&#8221; custom_margin=&#8221;||0px|&#8221; custom_padding=&#8221;||5px|&#8221;] Daniel Carmona Zubiri [/et_pb_text][/et_pb_column][/et_pb_row][/et_pb_section][et_pb_section admin_label=&#8221;Sección&#8221; fullwidth=&#8221;on&#8221; specialty=&#8221;off&#8221;][et_pb_fullwidth_menu admin_label=&#8221;Menú de anchura completa&#8221; menu_id=&#8221;11&#8243; background_color=&#8221;#ededed&#8221; background_layout=&#8221;light&#8221; text_orientation=&#8221;center&#8221; submenu_direction=&#8221;downwards&#8221; fullwidth_menu=&#8221;off&#8221; dropdown_menu_animation=&#8221;fade&#8221; menu_text_color=&#8221;#000000&#8243; menu_font=&#8221;|on|||&#8221;] [/et_pb_fullwidth_menu][/et_pb_section][et_pb_section admin_label=&#8221;Sección&#8221; fullwidth=&#8221;off&#8221; specialty=&#8221;off&#8221;][et_pb_row admin_label=&#8221;Fila&#8221;][et_pb_column type=&#8221;2_3&#8243;][et_pb_text admin_label=&#8221;Texto&#8221; background_layout=&#8221;light&#8221; [&hellip;]</p>
