{"id":2153,"date":"2018-05-07T07:22:42","date_gmt":"2018-05-07T07:22:42","guid":{"rendered":"http:\/\/culturdes.umh.es\/?page_id=2153"},"modified":"2018-05-09T11:12:02","modified_gmt":"2018-05-09T11:12:02","slug":"richard-salazar-medina","status":"publish","type":"page","link":"https:\/\/culturdes.umh.es\/en\/richard-salazar-medina\/","title":{"rendered":"Richard Salazar Medina"},"content":{"rendered":"<p>[et_pb_section admin_label=&#8221;Secci\u00f3n&#8221; fullwidth=&#8221;off&#8221; specialty=&#8221;off&#8221; transparent_background=&#8221;off&#8221; allow_player_pause=&#8221;off&#8221; inner_shadow=&#8221;off&#8221; parallax=&#8221;off&#8221; parallax_method=&#8221;off&#8221; padding_mobile=&#8221;off&#8221; make_fullwidth=&#8221;off&#8221; use_custom_width=&#8221;off&#8221; width_unit=&#8221;on&#8221; make_equal=&#8221;off&#8221; use_custom_gutter=&#8221;off&#8221; custom_padding=&#8221;50px||50px|&#8221; background_image=&#8221;http:\/\/culturdes.umh.es\/files\/2018\/04\/Playa_Manantial-2.jpg&#8221;][et_pb_row admin_label=&#8221;Fila&#8221;][et_pb_column type=&#8221;4_4&#8243;][et_pb_text admin_label=&#8221;Texto&#8221; background_layout=&#8221;dark&#8221; text_orientation=&#8221;center&#8221; use_border_color=&#8221;off&#8221; border_color=&#8221;#ffffff&#8221; border_style=&#8221;solid&#8221; custom_margin=&#8221;||0px|&#8221; custom_padding=&#8221;||5px|&#8221;]<\/p>\n<h2>Richard Salazar Medina<\/h2>\n<p>[\/et_pb_text][\/et_pb_column][\/et_pb_row][\/et_pb_section][et_pb_section admin_label=&#8221;Secci\u00f3n&#8221; fullwidth=&#8221;on&#8221; specialty=&#8221;off&#8221;][et_pb_fullwidth_menu admin_label=&#8221;Men\u00fa de anchura completa&#8221; menu_id=&#8221;11&#8243; background_color=&#8221;#ededed&#8221; background_layout=&#8221;light&#8221; text_orientation=&#8221;center&#8221; submenu_direction=&#8221;downwards&#8221; fullwidth_menu=&#8221;off&#8221; dropdown_menu_animation=&#8221;fade&#8221; menu_text_color=&#8221;#000000&#8243; menu_font=&#8221;|on|||&#8221;]<br \/>\n[\/et_pb_fullwidth_menu][\/et_pb_section][et_pb_section admin_label=&#8221;Secci\u00f3n&#8221; fullwidth=&#8221;off&#8221; specialty=&#8221;off&#8221;][et_pb_row admin_label=&#8221;Fila&#8221;][et_pb_column type=&#8221;2_3&#8243;][et_pb_text admin_label=&#8221;Texto&#8221; background_layout=&#8221;light&#8221; text_orientation=&#8221;left&#8221; use_border_color=&#8221;off&#8221; border_color=&#8221;#ffffff&#8221; border_style=&#8221;solid&#8221; custom_margin=&#8221;|200px||&#8221;]<\/p>\n<p><strong>M.A. Richard Salazar Medina<\/strong><\/p>\n<p><strong>Correo electr\u00f3nico:<\/strong>\u00a0ri.salazar@yahoo.com<\/p>\n<p>[\/et_pb_text][\/et_pb_column][et_pb_column type=&#8221;1_3&#8243;][et_pb_image admin_label=&#8221;Imagen&#8221; src=&#8221;http:\/\/culturdes.umh.es\/files\/2018\/05\/RSM1.png&#8221; show_in_lightbox=&#8221;off&#8221; url_new_window=&#8221;off&#8221; use_overlay=&#8221;off&#8221; animation=&#8221;off&#8221; sticky=&#8221;off&#8221; align=&#8221;right&#8221; force_fullwidth=&#8221;off&#8221; always_center_on_mobile=&#8221;on&#8221; use_border_color=&#8221;off&#8221; border_color=&#8221;#ffffff&#8221; border_style=&#8221;solid&#8221; custom_margin=&#8221;|50px||&#8221;]<br \/>\n[\/et_pb_image][\/et_pb_column][\/et_pb_row][et_pb_row admin_label=&#8221;Fila&#8221;][et_pb_column type=&#8221;4_4&#8243;][et_pb_text admin_label=&#8221;Texto&#8221; background_layout=&#8221;light&#8221; text_orientation=&#8221;left&#8221; use_border_color=&#8221;off&#8221; border_color=&#8221;#ffffff&#8221; border_style=&#8221;solid&#8221;]<\/p>\n<p style=\"text-align: justify;\">Soy antrop\u00f3logo por la\u00a0<a href=\"http:\/\/www.puce.edu.ec\/\" target=\"_blank\">Pontificia Universidad Cat\u00f3lica del Ecuador<\/a>\u00a0y Master en Pol\u00edticas P\u00fablicas y Direcci\u00f3n Estrat\u00e9gica para el Desarrollo por la\u00a0<a href=\"http:\/\/www.unibo.it\/\" target=\"_blank\">Universidad de Bolonia<\/a>\u00a0en Italia. He sido docente en diferentes universidades del Ecuador, como en la\u00a0<a href=\"http:\/\/www.puce.edu.ec\/\" target=\"_blank\">Pontificia Universidad Cat\u00f3lica del Ecuador<\/a>, la\u00a0<a href=\"http:\/\/www.ups.edu.ec\/\" target=\"_blank\">Universidad Polit\u00e9cnica Salesiana<\/a>\u00a0y la Universidad Santo Tom\u00e1s de Quito; \u00a0asimismo en la\u00a0<a href=\"http:\/\/www.unipd.it\/\" target=\"_blank\">Universidad de Padua<\/a>\u00a0y la\u00a0<a href=\"http:\/\/www.unife.it\/\" target=\"_blank\">Universidad de Ferrara<\/a>\u00a0ambas en Italia, y la\u00a0<a href=\"http:\/\/www.unitru.edu.pe\/\" target=\"_blank\">Universidad Nacional de Trujillo<\/a>\u00a0(Per\u00fa). Tambi\u00e9n he ejercido como coordinador de proyectos en organizaciones no gubernamentales ecuatorianas (Fundaci\u00f3n Esquel, COMUNIDEC, entre otras) y como consultor para organizaciones internacionales del sistema\u00a0<a href=\"http:\/\/www.un.org\/es\/\" target=\"_blank\">Naciones Unidas<\/a>\u00a0(UNFPA, PNUD, OIT, OIM) y de la\u00a0<a href=\"http:\/\/www.aecid.es\/\" target=\"_blank\">Agencia Espa\u00f1ola de Cooperaci\u00f3n Internacional<\/a>\u00a0(AECID). En el presente soy Director Ejecutivo de la Fundaci\u00f3n Cultura y Desarrollo (C&#038;D).<\/p>\n<p>[\/et_pb_text][\/et_pb_column][\/et_pb_row][et_pb_row admin_label=&#8221;Fila&#8221;][et_pb_column type=&#8221;4_4&#8243;][et_pb_text admin_label=&#8221;Texto&#8221; background_layout=&#8221;light&#8221; text_orientation=&#8221;left&#8221; use_border_color=&#8221;off&#8221; border_color=&#8221;#ffffff&#8221; border_style=&#8221;solid&#8221;]<\/p>\n<p><strong>L\u00edneas de investigaci\u00f3n<\/strong><\/p>\n<p>[\/et_pb_text][et_pb_text admin_label=&#8221;Texto&#8221; background_layout=&#8221;light&#8221; text_orientation=&#8221;left&#8221; use_border_color=&#8221;off&#8221; border_color=&#8221;#ffffff&#8221; border_style=&#8221;solid&#8221;]<\/p>\n<ol>\n<ol>\n<li>Las migraciones internacionales y su articulaci\u00f3n con los procesos de desarrollo.<\/li>\n<\/ol>\n<\/ol>\n<p>\u00a0<\/p>\n<ol>\n<ol>\n<li>El tratamiento te\u00f3rico de la diversidad cultural y su implantaci\u00f3n en las pol\u00edticas p\u00fablicas.<\/li>\n<\/ol>\n<\/ol>\n<p>\u00a0<\/p>\n<ol>\n<li>El an\u00e1lisis cr\u00edtico de la concepci\u00f3n y evoluci\u00f3n de la idea de desarrollo.<\/li>\n<\/ol>\n<p>[\/et_pb_text][\/et_pb_column][\/et_pb_row][et_pb_row admin_label=&#8221;Fila&#8221;][et_pb_column type=&#8221;4_4&#8243;][et_pb_text admin_label=&#8221;Texto&#8221; background_layout=&#8221;light&#8221; text_orientation=&#8221;left&#8221; use_border_color=&#8221;off&#8221; border_color=&#8221;#ffffff&#8221; border_style=&#8221;solid&#8221;]<\/p>\n<p><strong>Publicaciones m\u00e1s relevantes<\/strong><\/p>\n<p>[\/et_pb_text][et_pb_text admin_label=&#8221;Texto&#8221; background_layout=&#8221;light&#8221; text_orientation=&#8221;left&#8221; use_border_color=&#8221;off&#8221; border_color=&#8221;#ffffff&#8221; border_style=&#8221;solid&#8221;]<\/p>\n<ul>\n<li>Salazar Medina, R. (2007):\u00a0<a href=\"http:\/\/www.focal.ca\/pdf\/focalpoint_se_may-june2007.pdf\" target=\"_blank\">Ecuador-Spain Co-Development: Illusion or Reality?\u00a0<\/a>En FOCAL POINT \u2013 Canadian Foundation for the Americas.<\/li>\n<\/ul>\n<ul>\n<li>Salazar Medina, R (2008):\u00a0<a href=\"http:\/\/campus.usal.es\/~iiacyl\/MAI\/images\/publicaciones\/Antropologia%20aplicada%20geral.pdf\" target=\"_blank\">Migraci\u00f3n y desarrollo: una Babel con potencial<\/a>. En A. Espina Barrio (coord.)\u00a0<em>Antropolog\u00eda aplicada en Iberoamerica<\/em>. Recife, Salamanca.<\/li>\n<\/ul>\n<ul>\n<li>Salazar Medina, R. (2001):\u00a0<a href=\"http:\/\/books.google.es\/books?id=E_-9jGy_opsC&#038;printsec=frontcover&#038;hl=es&#038;source=gbs_ge_summary_r&#038;cad=0#v=onepage&#038;q&#038;f=false\" target=\"_blank\">El santuario de la Virgen del Quinche: peregrinaci\u00f3n en un espacio sagrado milenario<\/a>, Editorial Abya Yala, 2\u00aa edici\u00f3n, Quito.<\/li>\n<\/ul>\n<p>[\/et_pb_text][\/et_pb_column][\/et_pb_row][\/et_pb_section]<\/p>","protected":false},"excerpt":{"rendered":"<p>[et_pb_section admin_label=&#8221;Secci\u00f3n&#8221; fullwidth=&#8221;off&#8221; specialty=&#8221;off&#8221; transparent_background=&#8221;off&#8221; allow_player_pause=&#8221;off&#8221; inner_shadow=&#8221;off&#8221; parallax=&#8221;off&#8221; parallax_method=&#8221;off&#8221; padding_mobile=&#8221;off&#8221; make_fullwidth=&#8221;off&#8221; use_custom_width=&#8221;off&#8221; width_unit=&#8221;on&#8221; make_equal=&#8221;off&#8221; use_custom_gutter=&#8221;off&#8221; custom_padding=&#8221;50px||50px|&#8221; background_image=&#8221;http:\/\/culturdes.umh.es\/files\/2018\/04\/Playa_Manantial-2.jpg&#8221;][et_pb_row admin_label=&#8221;Fila&#8221;][et_pb_column type=&#8221;4_4&#8243;][et_pb_text admin_label=&#8221;Texto&#8221; background_layout=&#8221;dark&#8221; text_orientation=&#8221;center&#8221; use_border_color=&#8221;off&#8221; border_color=&#8221;#ffffff&#8221; border_style=&#8221;solid&#8221; custom_margin=&#8221;||0px|&#8221; custom_padding=&#8221;||5px|&#8221;] Richard Salazar Medina [\/et_pb_text][\/et_pb_column][\/et_pb_row][\/et_pb_section][et_pb_section admin_label=&#8221;Secci\u00f3n&#8221; fullwidth=&#8221;on&#8221; specialty=&#8221;off&#8221;][et_pb_fullwidth_menu admin_label=&#8221;Men\u00fa de anchura completa&#8221; menu_id=&#8221;11&#8243; background_color=&#8221;#ededed&#8221; background_layout=&#8221;light&#8221; text_orientation=&#8221;center&#8221; submenu_direction=&#8221;downwards&#8221; fullwidth_menu=&#8221;off&#8221; dropdown_menu_animation=&#8221;fade&#8221; menu_text_color=&#8221;#000000&#8243; menu_font=&#8221;|on|||&#8221;] [\/et_pb_fullwidth_menu][\/et_pb_section][et_pb_section admin_label=&#8221;Secci\u00f3n&#8221; fullwidth=&#8221;off&#8221; specialty=&#8221;off&#8221;][et_pb_row admin_label=&#8221;Fila&#8221;][et_pb_column type=&#8221;2_3&#8243;][et_pb_text admin_label=&#8221;Texto&#8221; background_layout=&#8221;light&#8221; [&hellip;]<\/p>\n","protected":false},"author":6277,"featured_media":0,"parent":0,"menu_order":0,"comment_status":"open","ping_status":"open","template":"","meta":{"_links_to":"","_links_to_target":""},"_links":{"self":[{"href":"https:\/\/culturdes.umh.es\/en\/wp-json\/wp\/v2\/pages\/2153"}],"collection":[{"href":"https:\/\/culturdes.umh.es\/en\/wp-json\/wp\/v2\/pages"}],"about":[{"href":"https:\/\/culturdes.umh.es\/en\/wp-json\/wp\/v2\/types\/page"}],"author":[{"embeddable":true,"href":"https:\/\/culturdes.umh.es\/en\/wp-json\/wp\/v2\/users\/6277"}],"replies":[{"embeddable":true,"href":"https:\/\/culturdes.umh.es\/en\/wp-json\/wp\/v2\/comments?post=2153"}],"version-history":[{"count":0,"href":"https:\/\/culturdes.umh.es\/en\/wp-json\/wp\/v2\/pages\/2153\/revisions"}],"wp:attachment":[{"href":"https:\/\/culturdes.umh.es\/en\/wp-json\/wp\/v2\/media?parent=2153"}],"curies":[{"name":"wp","href":"https:\/\/api.w.org\/{rel}","templated":true}]}}

<p>[et_pb_section admin_label=&#8221;Sección&#8221; fullwidth=&#8221;off&#8221; specialty=&#8221;off&#8221; transparent_background=&#8221;off&#8221; allow_player_pause=&#8221;off&#8221; inner_shadow=&#8221;off&#8221; parallax=&#8221;off&#8221; parallax_method=&#8221;off&#8221; padding_mobile=&#8221;off&#8221; make_fullwidth=&#8221;off&#8221; use_custom_width=&#8221;off&#8221; width_unit=&#8221;on&#8221; make_equal=&#8221;off&#8221; use_custom_gutter=&#8221;off&#8221; custom_padding=&#8221;50px||50px|&#8221; background_image=&#8221;http://culturdes.umh.es/files/2018/04/Playa_Manantial-2.jpg&#8221;][et_pb_row admin_label=&#8221;Fila&#8221;][et_pb_column type=&#8221;4_4&#8243;][et_pb_text admin_label=&#8221;Texto&#8221; background_layout=&#8221;dark&#8221; text_orientation=&#8221;center&#8221; use_border_color=&#8221;off&#8221; border_color=&#8221;#ffffff&#8221; border_style=&#8221;solid&#8221; custom_margin=&#8221;||0px|&#8221; custom_padding=&#8221;||5px|&#8221;]</p>
<h2>Richard Salazar Medina</h2>
<p>[/et_pb_text][/et_pb_column][/et_pb_row][/et_pb_section][et_pb_section admin_label=&#8221;Sección&#8221; fullwidth=&#8221;on&#8221; specialty=&#8221;off&#8221;][et_pb_fullwidth_menu admin_label=&#8221;Menú de anchura completa&#8221; menu_id=&#8221;11&#8243; background_color=&#8221;#ededed&#8221; background_layout=&#8221;light&#8221; text_orientation=&#8221;center&#8221; submenu_direction=&#8221;downwards&#8221; fullwidth_menu=&#8221;off&#8221; dropdown_menu_animation=&#8221;fade&#8221; menu_text_color=&#8221;#000000&#8243; menu_font=&#8221;|on|||&#8221;]<br />
[/et_pb_fullwidth_menu][/et_pb_section][et_pb_section admin_label=&#8221;Sección&#8221; fullwidth=&#8221;off&#8221; specialty=&#8221;off&#8221;][et_pb_row admin_label=&#8221;Fila&#8221;][et_pb_column type=&#8221;2_3&#8243;][et_pb_text admin_label=&#8221;Texto&#8221; background_layout=&#8221;light&#8221; text_orientation=&#8221;left&#8221; use_border_color=&#8221;off&#8221; border_color=&#8221;#ffffff&#8221; border_style=&#8221;solid&#8221; custom_margin=&#8221;|200px||&#8221;]</p>
<p><strong>M.A. Richard Salazar Medina</strong></p>
<p><strong>Correo electrónico:</strong> ri.salazar@yahoo.com</p>
<p>[/et_pb_text][/et_pb_column][et_pb_column type=&#8221;1_3&#8243;][et_pb_image admin_label=&#8221;Imagen&#8221; src=&#8221;http://culturdes.umh.es/files/2018/05/RSM1.png&#8221; show_in_lightbox=&#8221;off&#8221; url_new_window=&#8221;off&#8221; use_overlay=&#8221;off&#8221; animation=&#8221;off&#8221; sticky=&#8221;off&#8221; align=&#8221;right&#8221; force_fullwidth=&#8221;off&#8221; always_center_on_mobile=&#8221;on&#8221; use_border_color=&#8221;off&#8221; border_color=&#8221;#ffffff&#8221; border_style=&#8221;solid&#8221; custom_margin=&#8221;|50px||&#8221;]<br />
[/et_pb_image][/et_pb_column][/et_pb_row][et_pb_row admin_label=&#8221;Fila&#8221;][et_pb_column type=&#8221;4_4&#8243;][et_pb_text admin_label=&#8221;Texto&#8221; background_layout=&#8221;light&#8221; text_orientation=&#8221;left&#8221; use_border_color=&#8221;off&#8221; border_color=&#8221;#ffffff&#8221; border_style=&#8221;solid&#8221;]</p>
<p style="text-align: justify;">Soy antropólogo por la <a href="http://www.puce.edu.ec/" target="_blank">Pontificia Universidad Católica del Ecuador</a> y Master en Políticas Públicas y Dirección Estratégica para el Desarrollo por la <a href="http://www.unibo.it/" target="_blank">Universidad de Bolonia</a> en Italia. He sido docente en diferentes universidades del Ecuador, como en la <a href="http://www.puce.edu.ec/" target="_blank">Pontificia Universidad Católica del Ecuador</a>, la <a href="http://www.ups.edu.ec/" target="_blank">Universidad Politécnica Salesiana</a> y la Universidad Santo Tomás de Quito;  asimismo en la <a href="http://www.unipd.it/" target="_blank">Universidad de Padua</a> y la <a href="http://www.unife.it/" target="_blank">Universidad de Ferrara</a> ambas en Italia, y la <a href="http://www.unitru.edu.pe/" target="_blank">Universidad Nacional de Trujillo</a> (Perú). También he ejercido como coordinador de proyectos en organizaciones no gubernamentales ecuatorianas (Fundación Esquel, COMUNIDEC, entre otras) y como consultor para organizaciones internacionales del sistema <a href="http://www.un.org/es/" target="_blank">Naciones Unidas</a> (UNFPA, PNUD, OIT, OIM) y de la <a href="http://www.aecid.es/" target="_blank">Agencia Española de Cooperación Internacional</a> (AECID). En el presente soy Director Ejecutivo de la Fundación Cultura y Desarrollo (C&#038;D).</p>
<p>[/et_pb_text][/et_pb_column][/et_pb_row][et_pb_row admin_label=&#8221;Fila&#8221;][et_pb_column type=&#8221;4_4&#8243;][et_pb_text admin_label=&#8221;Texto&#8221; background_layout=&#8221;light&#8221; text_orientation=&#8221;left&#8221; use_border_color=&#8221;off&#8221; border_color=&#8221;#ffffff&#8221; border_style=&#8221;solid&#8221;]</p>
<p><strong>Líneas de investigación</strong></p>
<p>[/et_pb_text][et_pb_text admin_label=&#8221;Texto&#8221; background_layout=&#8221;light&#8221; text_orientation=&#8221;left&#8221; use_border_color=&#8221;off&#8221; border_color=&#8221;#ffffff&#8221; border_style=&#8221;solid&#8221;]</p>
<ol>
<ol>
<li>Las migraciones internacionales y su articulación con los procesos de desarrollo.</li>
</ol>
</ol>
<p> </p>
<ol>
<ol>
<li>El tratamiento teórico de la diversidad cultural y su implantación en las políticas públicas.</li>
</ol>
</ol>
<p> </p>
<ol>
<li>El análisis crítico de la concepción y evolución de la idea de desarrollo.</li>
</ol>
<p>[/et_pb_text][/et_pb_column][/et_pb_row][et_pb_row admin_label=&#8221;Fila&#8221;][et_pb_column type=&#8221;4_4&#8243;][et_pb_text admin_label=&#8221;Texto&#8221; background_layout=&#8221;light&#8221; text_orientation=&#8221;left&#8221; use_border_color=&#8221;off&#8221; border_color=&#8221;#ffffff&#8221; border_style=&#8221;solid&#8221;]</p>
<p><strong>Publicaciones más relevantes</strong></p>
<p>[/et_pb_text][et_pb_text admin_label=&#8221;Texto&#8221; background_layout=&#8221;light&#8221; text_orientation=&#8221;left&#8221; use_border_color=&#8221;off&#8221; border_color=&#8221;#ffffff&#8221; border_style=&#8221;solid&#8221;]</p>
<ul>
<li>Salazar Medina, R. (2007): <a href="http://www.focal.ca/pdf/focalpoint_se_may-june2007.pdf" target="_blank">Ecuador-Spain Co-Development: Illusion or Reality? </a>En FOCAL POINT – Canadian Foundation for the Americas.</li>
</ul>
<ul>
<li>Salazar Medina, R (2008): <a href="http://campus.usal.es/~iiacyl/MAI/images/publicaciones/Antropologia%20aplicada%20geral.pdf" target="_blank">Migración y desarrollo: una Babel con potencial</a>. En A. Espina Barrio (coord.) <em>Antropología aplicada en Iberoamerica</em>. Recife, Salamanca.</li>
</ul>
<ul>
<li>Salazar Medina, R. (2001): <a href="http://books.google.es/books?id=E_-9jGy_opsC&#038;printsec=frontcover&#038;hl=es&#038;source=gbs_ge_summary_r&#038;cad=0#v=onepage&#038;q&#038;f=false" target="_blank">El santuario de la Virgen del Quinche: peregrinación en un espacio sagrado milenario</a>, Editorial Abya Yala, 2ª edición, Quito.</li>
</ul>
<p>[/et_pb_text][/et_pb_column][/et_pb_row][/et_pb_section]</p>

<p>[et_pb_section admin_label=&#8221;Sección&#8221; fullwidth=&#8221;off&#8221; specialty=&#8221;off&#8221; transparent_background=&#8221;off&#8221; allow_player_pause=&#8221;off&#8221; inner_shadow=&#8221;off&#8221; parallax=&#8221;off&#8221; parallax_method=&#8221;off&#8221; padding_mobile=&#8221;off&#8221; make_fullwidth=&#8221;off&#8221; use_custom_width=&#8221;off&#8221; width_unit=&#8221;on&#8221; make_equal=&#8221;off&#8221; use_custom_gutter=&#8221;off&#8221; custom_padding=&#8221;50px||50px|&#8221; background_image=&#8221;http://culturdes.umh.es/files/2018/04/Playa_Manantial-2.jpg&#8221;][et_pb_row admin_label=&#8221;Fila&#8221;][et_pb_column type=&#8221;4_4&#8243;][et_pb_text admin_label=&#8221;Texto&#8221; background_layout=&#8221;dark&#8221; text_orientation=&#8221;center&#8221; use_border_color=&#8221;off&#8221; border_color=&#8221;#ffffff&#8221; border_style=&#8221;solid&#8221; custom_margin=&#8221;||0px|&#8221; custom_padding=&#8221;||5px|&#8221;] Richard Salazar Medina [/et_pb_text][/et_pb_column][/et_pb_row][/et_pb_section][et_pb_section admin_label=&#8221;Sección&#8221; fullwidth=&#8221;on&#8221; specialty=&#8221;off&#8221;][et_pb_fullwidth_menu admin_label=&#8221;Menú de anchura completa&#8221; menu_id=&#8221;11&#8243; background_color=&#8221;#ededed&#8221; background_layout=&#8221;light&#8221; text_orientation=&#8221;center&#8221; submenu_direction=&#8221;downwards&#8221; fullwidth_menu=&#8221;off&#8221; dropdown_menu_animation=&#8221;fade&#8221; menu_text_color=&#8221;#000000&#8243; menu_font=&#8221;|on|||&#8221;] [/et_pb_fullwidth_menu][/et_pb_section][et_pb_section admin_label=&#8221;Sección&#8221; fullwidth=&#8221;off&#8221; specialty=&#8221;off&#8221;][et_pb_row admin_label=&#8221;Fila&#8221;][et_pb_column type=&#8221;2_3&#8243;][et_pb_text admin_label=&#8221;Texto&#8221; background_layout=&#8221;light&#8221; [&hellip;]</p>
