{"id":2166,"date":"2018-05-07T07:41:58","date_gmt":"2018-05-07T07:41:58","guid":{"rendered":"http:\/\/culturdes.umh.es\/?page_id=2166"},"modified":"2018-05-09T11:11:12","modified_gmt":"2018-05-09T11:11:12","slug":"virginia-rodriguez-herrero","status":"publish","type":"page","link":"https:\/\/culturdes.umh.es\/en\/virginia-rodriguez-herrero\/","title":{"rendered":"Virginia Rodr\u00edguez Herrero"},"content":{"rendered":"<p>[et_pb_section admin_label=&#8221;Secci\u00f3n&#8221; fullwidth=&#8221;off&#8221; specialty=&#8221;off&#8221; transparent_background=&#8221;off&#8221; allow_player_pause=&#8221;off&#8221; inner_shadow=&#8221;off&#8221; parallax=&#8221;off&#8221; parallax_method=&#8221;off&#8221; padding_mobile=&#8221;off&#8221; make_fullwidth=&#8221;off&#8221; use_custom_width=&#8221;off&#8221; width_unit=&#8221;on&#8221; make_equal=&#8221;off&#8221; use_custom_gutter=&#8221;off&#8221; custom_padding=&#8221;50px||50px|&#8221; background_image=&#8221;http:\/\/culturdes.umh.es\/files\/2018\/04\/Playa_Manantial-2.jpg&#8221;][et_pb_row admin_label=&#8221;Fila&#8221;][et_pb_column type=&#8221;4_4&#8243;][et_pb_text admin_label=&#8221;Texto&#8221; background_layout=&#8221;dark&#8221; text_orientation=&#8221;center&#8221; use_border_color=&#8221;off&#8221; border_color=&#8221;#ffffff&#8221; border_style=&#8221;solid&#8221; custom_margin=&#8221;||0px|&#8221; custom_padding=&#8221;||5px|&#8221;]<\/p>\n<h2>Virginia Rodr\u00edguez Herrero<\/h2>\n<p>[\/et_pb_text][\/et_pb_column][\/et_pb_row][\/et_pb_section][et_pb_section admin_label=&#8221;Secci\u00f3n&#8221; fullwidth=&#8221;on&#8221; specialty=&#8221;off&#8221;][et_pb_fullwidth_menu admin_label=&#8221;Men\u00fa de anchura completa&#8221; menu_id=&#8221;11&#8243; background_color=&#8221;#ededed&#8221; background_layout=&#8221;light&#8221; text_orientation=&#8221;center&#8221; submenu_direction=&#8221;downwards&#8221; fullwidth_menu=&#8221;off&#8221; dropdown_menu_animation=&#8221;fade&#8221; menu_text_color=&#8221;#000000&#8243; menu_font=&#8221;|on|||&#8221;]<\/p>\n<p>\u00a0<\/p>\n<p>[\/et_pb_fullwidth_menu][\/et_pb_section][et_pb_section admin_label=&#8221;Secci\u00f3n&#8221; fullwidth=&#8221;off&#8221; specialty=&#8221;off&#8221;][et_pb_row admin_label=&#8221;Fila&#8221;][et_pb_column type=&#8221;2_3&#8243;][et_pb_text admin_label=&#8221;Texto&#8221; background_layout=&#8221;light&#8221; text_orientation=&#8221;left&#8221; use_border_color=&#8221;off&#8221; border_color=&#8221;#ffffff&#8221; border_style=&#8221;solid&#8221; custom_margin=&#8221;|200px||&#8221;]<\/p>\n<p><strong>Dr. Virginia Rodr\u00edguez Herrero<\/strong><\/p>\n<p><strong>Correo electr\u00f3nico:\u00a0<\/strong>Virginia.rodriguez.herrero@gmail.com<\/p>\n<p>[\/et_pb_text][\/et_pb_column][et_pb_column type=&#8221;1_3&#8243;][et_pb_image admin_label=&#8221;Imagen&#8221; src=&#8221;http:\/\/culturdes.umh.es\/files\/2018\/05\/Foto-Virginia-480&#215;6401.png&#8221; show_in_lightbox=&#8221;off&#8221; url_new_window=&#8221;off&#8221; use_overlay=&#8221;off&#8221; animation=&#8221;off&#8221; sticky=&#8221;off&#8221; align=&#8221;right&#8221; force_fullwidth=&#8221;off&#8221; always_center_on_mobile=&#8221;on&#8221; use_border_color=&#8221;off&#8221; border_color=&#8221;#ffffff&#8221; border_style=&#8221;solid&#8221; custom_margin=&#8221;|50px||&#8221;]<\/p>\n<p>\u00a0<\/p>\n<p>[\/et_pb_image][\/et_pb_column][\/et_pb_row][et_pb_row admin_label=&#8221;Fila&#8221;][et_pb_column type=&#8221;4_4&#8243;][et_pb_text admin_label=&#8221;Texto&#8221; background_layout=&#8221;light&#8221; text_orientation=&#8221;left&#8221; use_border_color=&#8221;off&#8221; border_color=&#8221;#ffffff&#8221; border_style=&#8221;solid&#8221;]<\/p>\n<p style=\"text-align: justify;\">Soy Doctora en Sociolog\u00eda (Universidad de Alicante, 2010), licenciada en Antropolog\u00eda Social y Cultural (Universidad Complutense de Madrid, 2000) y en Sociolog\u00eda (Universidad de Alicante, 1998). En la actualidad imparto clases de Antropolog\u00eda y Sociolog\u00eda en la licenciatura de Psicolog\u00eda del Centro de Ense\u00f1anza Superior Cardenal Cisneros (adscrito a la Universidad Complutense de Madrid) desde el a\u00f1o 2001, y desde el curso 2010 y la implantaci\u00f3n del Grado, soy responsable de la asignatura\u00a0<em>Bases sociol\u00f3gicas y antropol\u00f3gicas de la conducta<\/em>. Asimismo, imparto en el M\u00e1ster Universitario en Antropolog\u00eda Social Pr\u00e1ctica de la Universitas Miguel Hern\u00e1ndez (Elche), y colaboro asiduamente presentando pel\u00edculas programadas en los ciclos del Aula de Cine de la Universidad de Alicante.<\/p>\n<p style=\"text-align: justify;\">Soy socia y miembro del Comit\u00e9 Evaluador de la Revista AIBR (Asociaci\u00f3n de Antrop\u00f3logos Iberoamericanos en Red) y, del mismo modo, he sido evaluadora en otros eventos cient\u00edficos.<\/p>\n<p style=\"text-align: justify;\">En mi faceta comunicadora, participo como narradora oral en los talleres de la\u00a0<em>C\u00e1tedra Iberoamericana Itinerante de Narraci\u00f3n Oral Esc\u00e9nica<\/em>, de quien he recibido el a\u00f1o 2017 el Premio Iberoamericano de Comunicaci\u00f3n, Cultura, Oralidad y Oralidad Esc\u00e9nica Cham\u00e1n. Por otro lado, soy autora de varios cuentos realizados en colaboraci\u00f3n con ilustradoras diversas (<a href=\"http:\/\/www.habacontada.blogspot.com.es\/\" target=\"_blank\">http:\/\/www.habacontada.blogspot.com.es\/<\/a>) y escribo habitualmente relatos en el blog\u00a0<a href=\"http:\/\/gazpachoeninvierno.com\/\" target=\"_blank\">http:\/\/gazpachoeninvierno.com<\/a>.<\/p>\n<p>[\/et_pb_text][\/et_pb_column][\/et_pb_row][et_pb_row admin_label=&#8221;Fila&#8221;][et_pb_column type=&#8221;4_4&#8243;][et_pb_text admin_label=&#8221;Texto&#8221; background_layout=&#8221;light&#8221; text_orientation=&#8221;left&#8221; use_border_color=&#8221;off&#8221; border_color=&#8221;#ffffff&#8221; border_style=&#8221;solid&#8221;]<\/p>\n<p><strong>L\u00edneas de investigaci\u00f3n<\/strong><\/p>\n<p>[\/et_pb_text][et_pb_text admin_label=&#8221;Texto&#8221; background_layout=&#8221;light&#8221; text_orientation=&#8221;left&#8221; use_border_color=&#8221;off&#8221; border_color=&#8221;#ffffff&#8221; border_style=&#8221;solid&#8221;]<\/p>\n<ol>\n<li>Expresi\u00f3n y creaci\u00f3n audiovisual, comunicaci\u00f3n y lenguaje en relaci\u00f3n directa con la construcci\u00f3n social y cultural de la realidad y la ficci\u00f3n.<\/li>\n<\/ol>\n<p>[\/et_pb_text][\/et_pb_column][\/et_pb_row][et_pb_row admin_label=&#8221;Fila&#8221;][et_pb_column type=&#8221;4_4&#8243;][et_pb_text admin_label=&#8221;Texto&#8221; background_layout=&#8221;light&#8221; text_orientation=&#8221;left&#8221; use_border_color=&#8221;off&#8221; border_color=&#8221;#ffffff&#8221; border_style=&#8221;solid&#8221;]<\/p>\n<p><strong>Publicaciones m\u00e1s relevantes<\/strong><\/p>\n<p>[\/et_pb_text][et_pb_text admin_label=&#8221;Texto&#8221; background_layout=&#8221;light&#8221; text_orientation=&#8221;left&#8221; use_border_color=&#8221;off&#8221; border_color=&#8221;#ffffff&#8221; border_style=&#8221;solid&#8221;]<\/p>\n<ul>\n<li><em><a href=\"https:\/\/dialnet.unirioja.es\/servlet\/libro?codigo=653531\" target=\"_blank\">La ilusi\u00f3n de crear, la ilusi\u00f3n de creer. Reflexiones con cineastas espa\u00f1oles acerca del cine o la mentira necesaria<\/a>\u00a0(2015). Samos (Lugo): Dharana.<\/em><\/li>\n<\/ul>\n<ul>\n<li><em>La calle: entre lo visible y lo invisible.<\/em>\u00a0Rodr\u00edguez D\u00edaz, A., Lozano Vega, M. J., y Olid Gonz\u00e1lez, E. (editores) (2016).\u00a0<em><a href=\"https:\/\/www.dykinson.com\/libros\/sociologia-por-todas-partes\/9788491480082\/\" target=\"_blank\">Sociolog\u00eda por todas partes. S\u00edmbolos y representaciones sociales de lo cotidiano<\/a><\/em>. Madrid: Dykinson.<\/li>\n<\/ul>\n<ul>\n<li><em>Tapas: Haz lo que debas<\/em>. Rodr\u00edguez D\u00edaz, \u00c1lvaro (editor) (2015).\u00a0<em><a href=\"http:\/\/www.dykinson.com\/libros\/espana-en-su-cine-aprendiendo-sociologia-con-peliculas-espanolas\/9788490853214\/\" target=\"_blank\">Espa\u00f1a en su cine. Aprendiendo sociolog\u00eda con pel\u00edculas espa\u00f1olas.<\/a><\/em>\u00a0Madrid: Dykinson.<\/li>\n<\/ul>\n<ul>\n<li><em><a href=\"http:\/\/www.academiadecine.com\/descargas\/publicaciones\/HTML_196\/index.html\" target=\"_blank\">La necesidad del cine espa\u00f1ol<\/a><\/em>. Revista Academia. Academia de las Artes y las Ciencias Cinematogr\u00e1ficas de Espa\u00f1a. Enero 2013.<\/li>\n<\/ul>\n<ul>\n<li><em><a href=\"http:\/\/revistaobets.ua.es\/article\/view\/2012-v7-n2-cine-sociologia-y-antropologia-la-construccion-social-del-publico-y-del-pacto-de-ficcion\" target=\"_blank\">Cine, Sociolog\u00eda y Antropolog\u00eda: la construcci\u00f3n social del p\u00fablico y del pacto de ficci\u00f3n<\/a><\/em>.\u00a0<em>OBETS. Revista de Ciencias Sociales<\/em>. Universidad de Alicante. Instituto Universitario de Desarrollo Social y Paz. Volumen 7, n\u00famero 2, diciembre 2012.<\/li>\n<\/ul>\n<ul>\n<li><em><a href=\"http:\/\/www.gazeta-antropologia.es\/?p=98\" target=\"_blank\">Cine, Sociolog\u00eda y Antropolog\u00eda. La construcci\u00f3n social de la ficci\u00f3n cinematogr\u00e1fica<\/a><\/em>.\u00a0<em>Gazeta de Antropolog\u00eda<\/em>. N\u00famero 28\/1 2012 Art\u00edculo 13.<\/li>\n<\/ul>\n<p>[\/et_pb_text][\/et_pb_column][\/et_pb_row][\/et_pb_section]<\/p>","protected":false},"excerpt":{"rendered":"<p>[et_pb_section admin_label=&#8221;Secci\u00f3n&#8221; fullwidth=&#8221;off&#8221; specialty=&#8221;off&#8221; transparent_background=&#8221;off&#8221; allow_player_pause=&#8221;off&#8221; inner_shadow=&#8221;off&#8221; parallax=&#8221;off&#8221; parallax_method=&#8221;off&#8221; padding_mobile=&#8221;off&#8221; make_fullwidth=&#8221;off&#8221; use_custom_width=&#8221;off&#8221; width_unit=&#8221;on&#8221; make_equal=&#8221;off&#8221; use_custom_gutter=&#8221;off&#8221; custom_padding=&#8221;50px||50px|&#8221; background_image=&#8221;http:\/\/culturdes.umh.es\/files\/2018\/04\/Playa_Manantial-2.jpg&#8221;][et_pb_row admin_label=&#8221;Fila&#8221;][et_pb_column type=&#8221;4_4&#8243;][et_pb_text admin_label=&#8221;Texto&#8221; background_layout=&#8221;dark&#8221; text_orientation=&#8221;center&#8221; use_border_color=&#8221;off&#8221; border_color=&#8221;#ffffff&#8221; border_style=&#8221;solid&#8221; custom_margin=&#8221;||0px|&#8221; custom_padding=&#8221;||5px|&#8221;] Virginia Rodr\u00edguez Herrero [\/et_pb_text][\/et_pb_column][\/et_pb_row][\/et_pb_section][et_pb_section admin_label=&#8221;Secci\u00f3n&#8221; fullwidth=&#8221;on&#8221; specialty=&#8221;off&#8221;][et_pb_fullwidth_menu admin_label=&#8221;Men\u00fa de anchura completa&#8221; menu_id=&#8221;11&#8243; background_color=&#8221;#ededed&#8221; background_layout=&#8221;light&#8221; text_orientation=&#8221;center&#8221; submenu_direction=&#8221;downwards&#8221; fullwidth_menu=&#8221;off&#8221; dropdown_menu_animation=&#8221;fade&#8221; menu_text_color=&#8221;#000000&#8243; menu_font=&#8221;|on|||&#8221;] \u00a0 [\/et_pb_fullwidth_menu][\/et_pb_section][et_pb_section admin_label=&#8221;Secci\u00f3n&#8221; fullwidth=&#8221;off&#8221; specialty=&#8221;off&#8221;][et_pb_row admin_label=&#8221;Fila&#8221;][et_pb_column type=&#8221;2_3&#8243;][et_pb_text admin_label=&#8221;Texto&#8221; [&hellip;]<\/p>\n","protected":false},"author":6277,"featured_media":0,"parent":0,"menu_order":0,"comment_status":"open","ping_status":"open","template":"","meta":{"_links_to":"","_links_to_target":""},"_links":{"self":[{"href":"https:\/\/culturdes.umh.es\/en\/wp-json\/wp\/v2\/pages\/2166"}],"collection":[{"href":"https:\/\/culturdes.umh.es\/en\/wp-json\/wp\/v2\/pages"}],"about":[{"href":"https:\/\/culturdes.umh.es\/en\/wp-json\/wp\/v2\/types\/page"}],"author":[{"embeddable":true,"href":"https:\/\/culturdes.umh.es\/en\/wp-json\/wp\/v2\/users\/6277"}],"replies":[{"embeddable":true,"href":"https:\/\/culturdes.umh.es\/en\/wp-json\/wp\/v2\/comments?post=2166"}],"version-history":[{"count":0,"href":"https:\/\/culturdes.umh.es\/en\/wp-json\/wp\/v2\/pages\/2166\/revisions"}],"wp:attachment":[{"href":"https:\/\/culturdes.umh.es\/en\/wp-json\/wp\/v2\/media?parent=2166"}],"curies":[{"name":"wp","href":"https:\/\/api.w.org\/{rel}","templated":true}]}}

Virginia Rodríguez Herrero

<p>[et_pb_section admin_label=&#8221;Sección&#8221; fullwidth=&#8221;off&#8221; specialty=&#8221;off&#8221; transparent_background=&#8221;off&#8221; allow_player_pause=&#8221;off&#8221; inner_shadow=&#8221;off&#8221; parallax=&#8221;off&#8221; parallax_method=&#8221;off&#8221; padding_mobile=&#8221;off&#8221; make_fullwidth=&#8221;off&#8221; use_custom_width=&#8221;off&#8221; width_unit=&#8221;on&#8221; make_equal=&#8221;off&#8221; use_custom_gutter=&#8221;off&#8221; custom_padding=&#8221;50px||50px|&#8221; background_image=&#8221;http://culturdes.umh.es/files/2018/04/Playa_Manantial-2.jpg&#8221;][et_pb_row admin_label=&#8221;Fila&#8221;][et_pb_column type=&#8221;4_4&#8243;][et_pb_text admin_label=&#8221;Texto&#8221; background_layout=&#8221;dark&#8221; text_orientation=&#8221;center&#8221; use_border_color=&#8221;off&#8221; border_color=&#8221;#ffffff&#8221; border_style=&#8221;solid&#8221; custom_margin=&#8221;||0px|&#8221; custom_padding=&#8221;||5px|&#8221;]</p>
<h2>Virginia Rodríguez Herrero</h2>
<p>[/et_pb_text][/et_pb_column][/et_pb_row][/et_pb_section][et_pb_section admin_label=&#8221;Sección&#8221; fullwidth=&#8221;on&#8221; specialty=&#8221;off&#8221;][et_pb_fullwidth_menu admin_label=&#8221;Menú de anchura completa&#8221; menu_id=&#8221;11&#8243; background_color=&#8221;#ededed&#8221; background_layout=&#8221;light&#8221; text_orientation=&#8221;center&#8221; submenu_direction=&#8221;downwards&#8221; fullwidth_menu=&#8221;off&#8221; dropdown_menu_animation=&#8221;fade&#8221; menu_text_color=&#8221;#000000&#8243; menu_font=&#8221;|on|||&#8221;]</p>
<p> </p>
<p>[/et_pb_fullwidth_menu][/et_pb_section][et_pb_section admin_label=&#8221;Sección&#8221; fullwidth=&#8221;off&#8221; specialty=&#8221;off&#8221;][et_pb_row admin_label=&#8221;Fila&#8221;][et_pb_column type=&#8221;2_3&#8243;][et_pb_text admin_label=&#8221;Texto&#8221; background_layout=&#8221;light&#8221; text_orientation=&#8221;left&#8221; use_border_color=&#8221;off&#8221; border_color=&#8221;#ffffff&#8221; border_style=&#8221;solid&#8221; custom_margin=&#8221;|200px||&#8221;]</p>
<p><strong>Dr. Virginia Rodríguez Herrero</strong></p>
<p><strong>Correo electrónico: </strong>Virginia.rodriguez.herrero@gmail.com</p>
<p>[/et_pb_text][/et_pb_column][et_pb_column type=&#8221;1_3&#8243;][et_pb_image admin_label=&#8221;Imagen&#8221; src=&#8221;http://culturdes.umh.es/files/2018/05/Foto-Virginia-480&#215;6401.png&#8221; show_in_lightbox=&#8221;off&#8221; url_new_window=&#8221;off&#8221; use_overlay=&#8221;off&#8221; animation=&#8221;off&#8221; sticky=&#8221;off&#8221; align=&#8221;right&#8221; force_fullwidth=&#8221;off&#8221; always_center_on_mobile=&#8221;on&#8221; use_border_color=&#8221;off&#8221; border_color=&#8221;#ffffff&#8221; border_style=&#8221;solid&#8221; custom_margin=&#8221;|50px||&#8221;]</p>
<p> </p>
<p>[/et_pb_image][/et_pb_column][/et_pb_row][et_pb_row admin_label=&#8221;Fila&#8221;][et_pb_column type=&#8221;4_4&#8243;][et_pb_text admin_label=&#8221;Texto&#8221; background_layout=&#8221;light&#8221; text_orientation=&#8221;left&#8221; use_border_color=&#8221;off&#8221; border_color=&#8221;#ffffff&#8221; border_style=&#8221;solid&#8221;]</p>
<p style="text-align: justify;">Soy Doctora en Sociología (Universidad de Alicante, 2010), licenciada en Antropología Social y Cultural (Universidad Complutense de Madrid, 2000) y en Sociología (Universidad de Alicante, 1998). En la actualidad imparto clases de Antropología y Sociología en la licenciatura de Psicología del Centro de Enseñanza Superior Cardenal Cisneros (adscrito a la Universidad Complutense de Madrid) desde el año 2001, y desde el curso 2010 y la implantación del Grado, soy responsable de la asignatura <em>Bases sociológicas y antropológicas de la conducta</em>. Asimismo, imparto en el Máster Universitario en Antropología Social Práctica de la Universitas Miguel Hernández (Elche), y colaboro asiduamente presentando películas programadas en los ciclos del Aula de Cine de la Universidad de Alicante.</p>
<p style="text-align: justify;">Soy socia y miembro del Comité Evaluador de la Revista AIBR (Asociación de Antropólogos Iberoamericanos en Red) y, del mismo modo, he sido evaluadora en otros eventos científicos.</p>
<p style="text-align: justify;">En mi faceta comunicadora, participo como narradora oral en los talleres de la <em>Cátedra Iberoamericana Itinerante de Narración Oral Escénica</em>, de quien he recibido el año 2017 el Premio Iberoamericano de Comunicación, Cultura, Oralidad y Oralidad Escénica Chamán. Por otro lado, soy autora de varios cuentos realizados en colaboración con ilustradoras diversas (<a href="http://www.habacontada.blogspot.com.es/" target="_blank">http://www.habacontada.blogspot.com.es/</a>) y escribo habitualmente relatos en el blog <a href="http://gazpachoeninvierno.com/" target="_blank">http://gazpachoeninvierno.com</a>.</p>
<p>[/et_pb_text][/et_pb_column][/et_pb_row][et_pb_row admin_label=&#8221;Fila&#8221;][et_pb_column type=&#8221;4_4&#8243;][et_pb_text admin_label=&#8221;Texto&#8221; background_layout=&#8221;light&#8221; text_orientation=&#8221;left&#8221; use_border_color=&#8221;off&#8221; border_color=&#8221;#ffffff&#8221; border_style=&#8221;solid&#8221;]</p>
<p><strong>Líneas de investigación</strong></p>
<p>[/et_pb_text][et_pb_text admin_label=&#8221;Texto&#8221; background_layout=&#8221;light&#8221; text_orientation=&#8221;left&#8221; use_border_color=&#8221;off&#8221; border_color=&#8221;#ffffff&#8221; border_style=&#8221;solid&#8221;]</p>
<ol>
<li>Expresión y creación audiovisual, comunicación y lenguaje en relación directa con la construcción social y cultural de la realidad y la ficción.</li>
</ol>
<p>[/et_pb_text][/et_pb_column][/et_pb_row][et_pb_row admin_label=&#8221;Fila&#8221;][et_pb_column type=&#8221;4_4&#8243;][et_pb_text admin_label=&#8221;Texto&#8221; background_layout=&#8221;light&#8221; text_orientation=&#8221;left&#8221; use_border_color=&#8221;off&#8221; border_color=&#8221;#ffffff&#8221; border_style=&#8221;solid&#8221;]</p>
<p><strong>Publicaciones más relevantes</strong></p>
<p>[/et_pb_text][et_pb_text admin_label=&#8221;Texto&#8221; background_layout=&#8221;light&#8221; text_orientation=&#8221;left&#8221; use_border_color=&#8221;off&#8221; border_color=&#8221;#ffffff&#8221; border_style=&#8221;solid&#8221;]</p>
<ul>
<li><em><a href="https://dialnet.unirioja.es/servlet/libro?codigo=653531" target="_blank">La ilusión de crear, la ilusión de creer. Reflexiones con cineastas españoles acerca del cine o la mentira necesaria</a> (2015). Samos (Lugo): Dharana.</em></li>
</ul>
<ul>
<li><em>La calle: entre lo visible y lo invisible.</em> Rodríguez Díaz, A., Lozano Vega, M. J., y Olid González, E. (editores) (2016). <em><a href="https://www.dykinson.com/libros/sociologia-por-todas-partes/9788491480082/" target="_blank">Sociología por todas partes. Símbolos y representaciones sociales de lo cotidiano</a></em>. Madrid: Dykinson.</li>
</ul>
<ul>
<li><em>Tapas: Haz lo que debas</em>. Rodríguez Díaz, Álvaro (editor) (2015). <em><a href="http://www.dykinson.com/libros/espana-en-su-cine-aprendiendo-sociologia-con-peliculas-espanolas/9788490853214/" target="_blank">España en su cine. Aprendiendo sociología con películas españolas.</a></em> Madrid: Dykinson.</li>
</ul>
<ul>
<li><em><a href="http://www.academiadecine.com/descargas/publicaciones/HTML_196/index.html" target="_blank">La necesidad del cine español</a></em>. Revista Academia. Academia de las Artes y las Ciencias Cinematográficas de España. Enero 2013.</li>
</ul>
<ul>
<li><em><a href="http://revistaobets.ua.es/article/view/2012-v7-n2-cine-sociologia-y-antropologia-la-construccion-social-del-publico-y-del-pacto-de-ficcion" target="_blank">Cine, Sociología y Antropología: la construcción social del público y del pacto de ficción</a></em>. <em>OBETS. Revista de Ciencias Sociales</em>. Universidad de Alicante. Instituto Universitario de Desarrollo Social y Paz. Volumen 7, número 2, diciembre 2012.</li>
</ul>
<ul>
<li><em><a href="http://www.gazeta-antropologia.es/?p=98" target="_blank">Cine, Sociología y Antropología. La construcción social de la ficción cinematográfica</a></em>. <em>Gazeta de Antropología</em>. Número 28/1 2012 Artículo 13.</li>
</ul>
<p>[/et_pb_text][/et_pb_column][/et_pb_row][/et_pb_section]</p>

<p>[et_pb_section admin_label=&#8221;Sección&#8221; fullwidth=&#8221;off&#8221; specialty=&#8221;off&#8221; transparent_background=&#8221;off&#8221; allow_player_pause=&#8221;off&#8221; inner_shadow=&#8221;off&#8221; parallax=&#8221;off&#8221; parallax_method=&#8221;off&#8221; padding_mobile=&#8221;off&#8221; make_fullwidth=&#8221;off&#8221; use_custom_width=&#8221;off&#8221; width_unit=&#8221;on&#8221; make_equal=&#8221;off&#8221; use_custom_gutter=&#8221;off&#8221; custom_padding=&#8221;50px||50px|&#8221; background_image=&#8221;http://culturdes.umh.es/files/2018/04/Playa_Manantial-2.jpg&#8221;][et_pb_row admin_label=&#8221;Fila&#8221;][et_pb_column type=&#8221;4_4&#8243;][et_pb_text admin_label=&#8221;Texto&#8221; background_layout=&#8221;dark&#8221; text_orientation=&#8221;center&#8221; use_border_color=&#8221;off&#8221; border_color=&#8221;#ffffff&#8221; border_style=&#8221;solid&#8221; custom_margin=&#8221;||0px|&#8221; custom_padding=&#8221;||5px|&#8221;] Virginia Rodríguez Herrero [/et_pb_text][/et_pb_column][/et_pb_row][/et_pb_section][et_pb_section admin_label=&#8221;Sección&#8221; fullwidth=&#8221;on&#8221; specialty=&#8221;off&#8221;][et_pb_fullwidth_menu admin_label=&#8221;Menú de anchura completa&#8221; menu_id=&#8221;11&#8243; background_color=&#8221;#ededed&#8221; background_layout=&#8221;light&#8221; text_orientation=&#8221;center&#8221; submenu_direction=&#8221;downwards&#8221; fullwidth_menu=&#8221;off&#8221; dropdown_menu_animation=&#8221;fade&#8221; menu_text_color=&#8221;#000000&#8243; menu_font=&#8221;|on|||&#8221;]   [/et_pb_fullwidth_menu][/et_pb_section][et_pb_section admin_label=&#8221;Sección&#8221; fullwidth=&#8221;off&#8221; specialty=&#8221;off&#8221;][et_pb_row admin_label=&#8221;Fila&#8221;][et_pb_column type=&#8221;2_3&#8243;][et_pb_text admin_label=&#8221;Texto&#8221; [&hellip;]</p>
